{"id":9669,"date":"2025-06-29T12:53:00","date_gmt":"2025-06-29T10:53:00","guid":{"rendered":"https:\/\/uj.adatbank.ro\/lexikon\/termek\/harmath-gergely-keszi\/"},"modified":"2025-06-29T12:53:00","modified_gmt":"2025-06-29T10:53:00","slug":"harmath-gergely-keszi","status":"publish","type":"product","link":"https:\/\/uj.adatbank.ro\/lexikon\/termek\/harmath-gergely-keszi\/","title":{"rendered":"HARMATH Gergely, keszi"},"content":{"rendered":"<p>Mez\u0151m\u00f3cs, 1846. m\u00e1rc. 8., \u2020 Szov\u00e1ta, 1905. j\u00fal. 15.: f\u0151re\u00e1liskolai tan\u00e1r. \u2013 A kegyestan\u00edt\u00f3rendbe l\u00e9pett (1866); mis\u00e9spapp\u00e1 szentelt\u00e9k (1871); Veszpr\u00e9mben mennyis\u00e9gtan, term\u00e9szetrajz \u00e9s vegytantan\u00e1r (1877\u2013). Kil\u00e9pett a rendb\u0151l. Debrecenben \u00e1ll. f\u0151re\u00e1liskolai tan\u00e1r (1886\u2013). Cikkei a Nagykanizsai r. k. F\u0151gimn. \u00c9rtes\u00edt\u0151j\u00e9ben, a debreceni F\u0151re\u00e1liskola \u00c9rtes\u00edt\u0151j\u00e9ben, az Ellen\u0151rben. A Veszpr\u00e9m c. lapban a k\u00f6zgazdas\u00e1gi rovat vezet\u0151je (1877). <br \/><strong>Irod.:<\/strong> Guly\u00e1s; Szinnyei<\/br><\/p>\n","protected":false},"excerpt":{"rendered":"<p>Mez\u0151m\u00f3cs, 1846. m\u00e1rc. 8., \u2020 Szov\u00e1ta, 1905. j\u00fal. 15.: f\u0151re\u00e1liskolai tan\u00e1r. \u2013 A kegyestan\u00edt\u00f3rendbe l\u00e9pett (1866); mis\u00e9spapp\u00e1 szentelt\u00e9k (1871); Veszpr\u00e9mben mennyis\u00e9gtan, term\u00e9szetrajz \u00e9s vegytantan\u00e1r (1877\u2013). Kil\u00e9pett a rendb\u0151l. Debrecenben \u00e1ll. f\u0151re\u00e1liskolai tan\u00e1r (1886\u2013). Cikkei a Nagykanizsai r. k. F\u0151gimn. \u00c9rtes\u00edt\u0151j\u00e9ben, a debreceni F\u0151re\u00e1liskola \u00c9rtes\u00edt\u0151j\u00e9ben, az Ellen\u0151rben. A Veszpr\u00e9m c. lapban a k\u00f6zgazdas\u00e1gi rovat vezet\u0151je (1877). [&hellip;]<\/p>\n","protected":false},"featured_media":0,"comment_status":"open","ping_status":"closed","template":"","meta":[],"product_brand":[],"product_cat":[137],"product_tag":[],"class_list":{"0":"post-9669","1":"product","2":"type-product","3":"status-publish","5":"product_cat-maros-megyei-eletrajzi-lexikon","7":"first","8":"instock","9":"shipping-taxable","10":"product-type-simple"},"_links":{"self":[{"href":"https:\/\/uj.adatbank.ro\/lexikon\/wp-json\/wp\/v2\/product\/9669","targetHints":{"allow":["GET"]}}],"collection":[{"href":"https:\/\/uj.adatbank.ro\/lexikon\/wp-json\/wp\/v2\/product"}],"about":[{"href":"https:\/\/uj.adatbank.ro\/lexikon\/wp-json\/wp\/v2\/types\/product"}],"replies":[{"embeddable":true,"href":"https:\/\/uj.adatbank.ro\/lexikon\/wp-json\/wp\/v2\/comments?post=9669"}],"wp:attachment":[{"href":"https:\/\/uj.adatbank.ro\/lexikon\/wp-json\/wp\/v2\/media?parent=9669"}],"wp:term":[{"taxonomy":"product_brand","embeddable":true,"href":"https:\/\/uj.adatbank.ro\/lexikon\/wp-json\/wp\/v2\/product_brand?post=9669"},{"taxonomy":"product_cat","embeddable":true,"href":"https:\/\/uj.adatbank.ro\/lexikon\/wp-json\/wp\/v2\/product_cat?post=9669"},{"taxonomy":"product_tag","embeddable":true,"href":"https:\/\/uj.adatbank.ro\/lexikon\/wp-json\/wp\/v2\/product_tag?post=9669"}],"curies":[{"name":"wp","href":"https:\/\/api.w.org\/{rel}","templated":true}]}}

<p>Mezőmócs, 1846. márc. 8., † Szováta, 1905. júl. 15.: főreáliskolai tanár. – A kegyestanítórendbe lépett (1866); miséspappá szentelték (1871); Veszprémben mennyiségtan, természetrajz és vegytantanár (1877–). Kilépett a rendből. Debrecenben áll. főreáliskolai tanár (1886–). Cikkei a Nagykanizsai r. k. Főgimn. Értesítőjében, a debreceni Főreáliskola Értesítőjében, az Ellenőrben. A Veszprém c. lapban a közgazdasági rovat vezetője (1877). <br /><strong>Irod.:</strong> Gulyás; Szinnyei</br></p>

<p>Mezőmócs, 1846. márc. 8., † Szováta, 1905. júl. 15.: főreáliskolai tanár. – A kegyestanítórendbe lépett (1866); miséspappá szentelték (1871); Veszprémben mennyiségtan, természetrajz és vegytantanár (1877–). Kilépett a rendből. Debrecenben áll. főreáliskolai tanár (1886–). Cikkei a Nagykanizsai r. k. Főgimn. Értesítőjében, a debreceni Főreáliskola Értesítőjében, az Ellenőrben. A Veszprém c. lapban a közgazdasági rovat vezetője (1877). [&hellip;]</p>
