{"id":9674,"date":"2025-06-29T12:53:11","date_gmt":"2025-06-29T10:53:11","guid":{"rendered":"https:\/\/uj.adatbank.ro\/lexikon\/termek\/harmath-sandor\/"},"modified":"2025-06-29T12:53:11","modified_gmt":"2025-06-29T10:53:11","slug":"harmath-sandor","status":"publish","type":"product","link":"https:\/\/uj.adatbank.ro\/lexikon\/termek\/harmath-sandor\/","title":{"rendered":"HARMATH S\u00e1ndor"},"content":{"rendered":"<p>Torda, 1887., \u2020 Mv., 1965.: keresked\u0151. \u2013 A mv.-i Hangya Sz\u00f6vetkezetn\u00e9l dolgozott, majd Izmael Ferencn\u00e9l seg\u00e9dkeresked\u0151, k\u00e9s\u0151bb \u00fczletvezet\u0151 lett. \u00d6n\u00e1ll\u00f3 f\u0171szer- \u00e9s csemegekeresked\u00e9st nyitott az Apoll\u00f3 palota \u00e9p\u00fclet\u00e9ben, amely akkor B\u00fcrger s\u00f6rgy\u00e1ros tulajdona volt (1920), k\u00e9s\u0151bb a Pet\u0151fi t\u00e9ri K\u00e1r\u00e1sz-h\u00e1z mell\u00e9 k\u00f6lt\u00f6z\u00f6tt. \u00dczlet\u00e9ben selyem, pamut gyermek, n\u0151i \u00e9s f\u00e9rfi k\u00e9sz feh\u00e9rnem\u0171k, ter\u00edt\u0151k, f\u00fcgg\u00f6ny\u00f6k, v\u00e1sznak, paplanok \u00e9s sz\u00f6nyegek voltak tal\u00e1lhat\u00f3k (1912). A Keresked\u0151k T\u00e1rsulat\u00e1nak eln\u00f6ke (1910). A Nemzeti Munkap\u00e1rt helyi szervezet\u00e9nek aleln\u00f6ke (1910). M\u0171kedvel\u0151 sz\u00ednj\u00e1tsz\u00f3. Tagja lett az Erd\u00e9lyi Sz\u00e9pm\u00edves C\u00e9hnek \u00e9s a KZST-nak (1929\u2013). A R. K. Egyh\u00e1ztan\u00e1cs tagja (1939). A Mv.-i Kereszt\u00e9ny Keresked\u0151k Egyes\u00fclet\u00e9nek aleln\u00f6ke (1940). A mv.-i Kereskedelmi \u00e9s Iparkamara tagja (1941). A h\u00e1bor\u00fa ideje alatt r\u00f6vid ideig a sz\u00e9kely hat\u00e1r\u0151rezredn\u00e9l szolg\u00e1lt. Az \u00e1llamos\u00edt\u00e1skor \u00fczlet\u00e9t elvett\u00e9k, \u00e9s az ipari sz\u00f6vetkezetn\u00e9l lett rakt\u00e1ros. A Securitate minden t\u00f6rv\u00e9nyes elj\u00e1r\u00e1st mell\u0151zve, oszt\u00e1lyellens\u00e9gk\u00e9nt egy\u00e9vi k\u00e9nyszermunk\u00e1ra deport\u00e1lta (1953\u2013). Hazat\u00e9r\u00e9se ut\u00e1n nem kapott \u00e1ll\u00e1st, alkalmi munk\u00e1kb\u00f3l teng\u0151d\u00f6tt hal\u00e1l\u00e1ig. <br \/><strong>Irod.:<\/strong> Bern\u00e1dy; Harmath F.; Id\u0151t\u00e1r 2; Id\u0151t\u00e1r 3; Mv.-i \u00f6rm\u00e9nyek; Szentgy\u00f6rgyi<\/br><\/p>\n","protected":false},"excerpt":{"rendered":"<p>Torda, 1887., \u2020 Mv., 1965.: keresked\u0151. \u2013 A mv.-i Hangya Sz\u00f6vetkezetn\u00e9l dolgozott, majd Izmael Ferencn\u00e9l seg\u00e9dkeresked\u0151, k\u00e9s\u0151bb \u00fczletvezet\u0151 lett. \u00d6n\u00e1ll\u00f3 f\u0171szer- \u00e9s csemegekeresked\u00e9st nyitott az Apoll\u00f3 palota \u00e9p\u00fclet\u00e9ben, amely akkor B\u00fcrger s\u00f6rgy\u00e1ros tulajdona volt (1920), k\u00e9s\u0151bb a Pet\u0151fi t\u00e9ri K\u00e1r\u00e1sz-h\u00e1z mell\u00e9 k\u00f6lt\u00f6z\u00f6tt. \u00dczlet\u00e9ben selyem, pamut gyermek, n\u0151i \u00e9s f\u00e9rfi k\u00e9sz feh\u00e9rnem\u0171k, ter\u00edt\u0151k, f\u00fcgg\u00f6ny\u00f6k, v\u00e1sznak, paplanok [&hellip;]<\/p>\n","protected":false},"featured_media":0,"comment_status":"open","ping_status":"closed","template":"","meta":[],"product_brand":[],"product_cat":[137],"product_tag":[],"class_list":{"0":"post-9674","1":"product","2":"type-product","3":"status-publish","5":"product_cat-maros-megyei-eletrajzi-lexikon","7":"first","8":"instock","9":"shipping-taxable","10":"product-type-simple"},"_links":{"self":[{"href":"https:\/\/uj.adatbank.ro\/lexikon\/wp-json\/wp\/v2\/product\/9674","targetHints":{"allow":["GET"]}}],"collection":[{"href":"https:\/\/uj.adatbank.ro\/lexikon\/wp-json\/wp\/v2\/product"}],"about":[{"href":"https:\/\/uj.adatbank.ro\/lexikon\/wp-json\/wp\/v2\/types\/product"}],"replies":[{"embeddable":true,"href":"https:\/\/uj.adatbank.ro\/lexikon\/wp-json\/wp\/v2\/comments?post=9674"}],"wp:attachment":[{"href":"https:\/\/uj.adatbank.ro\/lexikon\/wp-json\/wp\/v2\/media?parent=9674"}],"wp:term":[{"taxonomy":"product_brand","embeddable":true,"href":"https:\/\/uj.adatbank.ro\/lexikon\/wp-json\/wp\/v2\/product_brand?post=9674"},{"taxonomy":"product_cat","embeddable":true,"href":"https:\/\/uj.adatbank.ro\/lexikon\/wp-json\/wp\/v2\/product_cat?post=9674"},{"taxonomy":"product_tag","embeddable":true,"href":"https:\/\/uj.adatbank.ro\/lexikon\/wp-json\/wp\/v2\/product_tag?post=9674"}],"curies":[{"name":"wp","href":"https:\/\/api.w.org\/{rel}","templated":true}]}}

HARMATH Sándor

<p>Torda, 1887., † Mv., 1965.: kereskedő. – A mv.-i Hangya Szövetkezetnél dolgozott, majd Izmael Ferencnél segédkereskedő, később üzletvezető lett. Önálló fűszer- és csemegekereskedést nyitott az Apolló palota épületében, amely akkor Bürger sörgyáros tulajdona volt (1920), később a Petőfi téri Kárász-ház mellé költözött. Üzletében selyem, pamut gyermek, női és férfi kész fehérneműk, terítők, függönyök, vásznak, paplanok és szönyegek voltak találhatók (1912). A Kereskedők Társulatának elnöke (1910). A Nemzeti Munkapárt helyi szervezetének alelnöke (1910). Műkedvelő színjátszó. Tagja lett az Erdélyi Szépmíves Céhnek és a KZST-nak (1929–). A R. K. Egyháztanács tagja (1939). A Mv.-i Keresztény Kereskedők Egyesületének alelnöke (1940). A mv.-i Kereskedelmi és Iparkamara tagja (1941). A háború ideje alatt rövid ideig a székely határőrezrednél szolgált. Az államosításkor üzletét elvették, és az ipari szövetkezetnél lett raktáros. A Securitate minden törvényes eljárást mellőzve, osztályellenségként egyévi kényszermunkára deportálta (1953–). Hazatérése után nem kapott állást, alkalmi munkákból tengődött haláláig. <br /><strong>Irod.:</strong> Bernády; Harmath F.; Időtár 2; Időtár 3; Mv.-i örmények; Szentgyörgyi</br></p>

<p>Torda, 1887., † Mv., 1965.: kereskedő. – A mv.-i Hangya Szövetkezetnél dolgozott, majd Izmael Ferencnél segédkereskedő, később üzletvezető lett. Önálló fűszer- és csemegekereskedést nyitott az Apolló palota épületében, amely akkor Bürger sörgyáros tulajdona volt (1920), később a Petőfi téri Kárász-ház mellé költözött. Üzletében selyem, pamut gyermek, női és férfi kész fehérneműk, terítők, függönyök, vásznak, paplanok [&hellip;]</p>
