{"id":9677,"date":"2025-06-29T12:53:17","date_gmt":"2025-06-29T10:53:17","guid":{"rendered":"https:\/\/uj.adatbank.ro\/lexikon\/termek\/harmath-sandor-keszi-harmat-sandor\/"},"modified":"2025-06-29T12:53:17","modified_gmt":"2025-06-29T10:53:17","slug":"harmath-sandor-keszi-harmat-sandor","status":"publish","type":"product","link":"https:\/\/uj.adatbank.ro\/lexikon\/termek\/harmath-sandor-keszi-harmat-sandor\/","title":{"rendered":"HARMATH S\u00e1ndor, keszi, Harmat S\u00e1ndor"},"content":{"rendered":"<p>Torda, 1877, \u2020 Mv., 1939. m\u00e1j. 21.: bankvez\u00e9rigazgat\u00f3. \u2013 H. S. keresked\u0151 \u00e9s Cs\u00edki Anna fia, Feles\u00e9ge: Szathm\u00e1ri Zs\u00f3fia. \u2013 Brass\u00f3ban fels\u0151kereskedelmi iskol\u00e1t v\u00e9gzetted, majd bankp\u00e1ly\u00e1ra l\u00e9pett \u2013 k\u00e9t \u00e9ven \u00e1t az Agr\u00e1r Takar\u00e9kp\u00e9nzt\u00e1rn\u00e1l m\u0171k\u00f6d\u00f6tt, majd katona, ut\u00e1na 4 \u00e9vig Bp.-en a Belv\u00e1rosi Takar\u00e9kp\u00e9nzt\u00e1r tisztvisel\u0151je volt. A mv.-i Takar\u00e9kp\u00e9nzt\u00e1r Rt. (alap\u00edtott\u00e1k 1869) f\u0151k\u00f6nyvel\u0151je (1903), igazgat\u00f3ja, vez\u00e9rigazgat\u00f3ja volt (1927\u2013). El\u0151rel\u00e1t\u00e1ssal \u00e9s k\u00f6r\u00fcltekint\u0151 fin\u00e1ncpolitik\u00e1val \u00faj fejl\u0151d\u00e9si ir\u00e1nyt adott, mellyel biztos\u00edtotta az int\u00e9zm\u00e9ny el\u0151kel\u0151 pozici\u00f3j\u00e1t Erd\u00e9ly legjobb p\u00e9zint\u00e9zeteinek sor\u00e1ban. A helybeli Kereskedelmi \u00e9s Iparkamara aleln\u00f6ke, a r. k. egyh\u00e1z tan\u00e1csosa \u00e9s a kat. st\u00e1tus k\u00e9pvisel\u0151je volt. Mv. gazdas\u00e1gi \u00e9let\u00e9nek \u00e9s t\u00e1rsadalm\u00e1nak egyik vezet\u0151 egy\u00e9nis\u00e9ge, sz\u00e1mos egyes\u00fclet p\u00e1rtol\u00f3 \u00e9s akt\u00edv tagja volt. A Munk\u00e1sbiztos\u00edt\u00f3 P\u00e9nzt\u00e1r vezet\u0151je (\u20131919). Az OMP int\u00e9z\u0151 bizotts\u00e1g\u00e1nak tagja (1927). A Kereskedelmi \u00e9s Iparkamara vezet\u0151s\u00e1gi tagja (1929\u2013), a kereskedelmi r\u00e9szleg aleln\u00f6ke (1930). A Mv.-i Kaszin\u00f3 v\u00e1lasztm\u00e1nyi tagja (1932). <br \/><strong>Irod.:<\/strong> Bi\u00e1s Istv\u00e1n; EBKL; Id\u0151t\u00e1r 3; Ki kicsoda ?; P\u00e1lmay<\/br><\/p>\n","protected":false},"excerpt":{"rendered":"<p>Torda, 1877, \u2020 Mv., 1939. m\u00e1j. 21.: bankvez\u00e9rigazgat\u00f3. \u2013 H. S. keresked\u0151 \u00e9s Cs\u00edki Anna fia, Feles\u00e9ge: Szathm\u00e1ri Zs\u00f3fia. \u2013 Brass\u00f3ban fels\u0151kereskedelmi iskol\u00e1t v\u00e9gzetted, majd bankp\u00e1ly\u00e1ra l\u00e9pett \u2013 k\u00e9t \u00e9ven \u00e1t az Agr\u00e1r Takar\u00e9kp\u00e9nzt\u00e1rn\u00e1l m\u0171k\u00f6d\u00f6tt, majd katona, ut\u00e1na 4 \u00e9vig Bp.-en a Belv\u00e1rosi Takar\u00e9kp\u00e9nzt\u00e1r tisztvisel\u0151je volt. A mv.-i Takar\u00e9kp\u00e9nzt\u00e1r Rt. (alap\u00edtott\u00e1k 1869) f\u0151k\u00f6nyvel\u0151je (1903), igazgat\u00f3ja, [&hellip;]<\/p>\n","protected":false},"featured_media":0,"comment_status":"open","ping_status":"closed","template":"","meta":[],"product_brand":[],"product_cat":[137],"product_tag":[],"class_list":{"0":"post-9677","1":"product","2":"type-product","3":"status-publish","5":"product_cat-maros-megyei-eletrajzi-lexikon","7":"first","8":"instock","9":"shipping-taxable","10":"product-type-simple"},"_links":{"self":[{"href":"https:\/\/uj.adatbank.ro\/lexikon\/wp-json\/wp\/v2\/product\/9677","targetHints":{"allow":["GET"]}}],"collection":[{"href":"https:\/\/uj.adatbank.ro\/lexikon\/wp-json\/wp\/v2\/product"}],"about":[{"href":"https:\/\/uj.adatbank.ro\/lexikon\/wp-json\/wp\/v2\/types\/product"}],"replies":[{"embeddable":true,"href":"https:\/\/uj.adatbank.ro\/lexikon\/wp-json\/wp\/v2\/comments?post=9677"}],"wp:attachment":[{"href":"https:\/\/uj.adatbank.ro\/lexikon\/wp-json\/wp\/v2\/media?parent=9677"}],"wp:term":[{"taxonomy":"product_brand","embeddable":true,"href":"https:\/\/uj.adatbank.ro\/lexikon\/wp-json\/wp\/v2\/product_brand?post=9677"},{"taxonomy":"product_cat","embeddable":true,"href":"https:\/\/uj.adatbank.ro\/lexikon\/wp-json\/wp\/v2\/product_cat?post=9677"},{"taxonomy":"product_tag","embeddable":true,"href":"https:\/\/uj.adatbank.ro\/lexikon\/wp-json\/wp\/v2\/product_tag?post=9677"}],"curies":[{"name":"wp","href":"https:\/\/api.w.org\/{rel}","templated":true}]}}