{"id":9682,"date":"2025-06-29T12:53:24","date_gmt":"2025-06-29T10:53:24","guid":{"rendered":"https:\/\/uj.adatbank.ro\/lexikon\/termek\/harrach-etelka\/"},"modified":"2025-06-29T12:53:24","modified_gmt":"2025-06-29T10:53:24","slug":"harrach-etelka","status":"publish","type":"product","link":"https:\/\/uj.adatbank.ro\/lexikon\/termek\/harrach-etelka\/","title":{"rendered":"HARRACH Etelka"},"content":{"rendered":"<p>Sz\u00e1szr\u00e9gen, 1859., \u2020 \u00dajvid\u00e9k, 1912. m\u00e1rc. 20.: tan\u00edt\u00f3n\u0151. \u2013 A ref. tan\u00edt\u00f3k\u00e9pz\u0151t Kv.-on (1873\u201376), a tan\u00edt\u00f3k\u00e9pz\u0151t Bp.-en v\u00e9gezte. Tan\u00edtott a rettegi elemi iskol\u00e1ban (1877\u201379), p\u00e1pai polg\u00e1ri le\u00e1nyiskol\u00e1ban (1879\u201386), az als\u00f3mecenz\u00e9si n\u00e9pisk.-ban (1886\u201392), a szeksz\u00e1rdi (1892\u201396) \u00e9s \u00fajvid\u00e9ki (1896\u20131912) polg\u00e1ri iskol\u00e1ban. \u00c1pr. 11. \u00fcnnepi besz\u00e9de: \u00dajvid\u00e9ki \u00c1ll. Polg\u00e1ri Le\u00e1nyiskola \u00c9rtes\u00edt\u0151j\u00e9ben (1903). <br \/><strong>Irod.:<\/strong> Guly\u00e1s<\/br><\/p>\n","protected":false},"excerpt":{"rendered":"<p>Sz\u00e1szr\u00e9gen, 1859., \u2020 \u00dajvid\u00e9k, 1912. m\u00e1rc. 20.: tan\u00edt\u00f3n\u0151. \u2013 A ref. tan\u00edt\u00f3k\u00e9pz\u0151t Kv.-on (1873\u201376), a tan\u00edt\u00f3k\u00e9pz\u0151t Bp.-en v\u00e9gezte. Tan\u00edtott a rettegi elemi iskol\u00e1ban (1877\u201379), p\u00e1pai polg\u00e1ri le\u00e1nyiskol\u00e1ban (1879\u201386), az als\u00f3mecenz\u00e9si n\u00e9pisk.-ban (1886\u201392), a szeksz\u00e1rdi (1892\u201396) \u00e9s \u00fajvid\u00e9ki (1896\u20131912) polg\u00e1ri iskol\u00e1ban. \u00c1pr. 11. \u00fcnnepi besz\u00e9de: \u00dajvid\u00e9ki \u00c1ll. Polg\u00e1ri Le\u00e1nyiskola \u00c9rtes\u00edt\u0151j\u00e9ben (1903). Irod.: Guly\u00e1s<\/p>\n","protected":false},"featured_media":0,"comment_status":"open","ping_status":"closed","template":"","meta":[],"product_brand":[],"product_cat":[137],"product_tag":[],"class_list":{"0":"post-9682","1":"product","2":"type-product","3":"status-publish","5":"product_cat-maros-megyei-eletrajzi-lexikon","7":"first","8":"instock","9":"shipping-taxable","10":"product-type-simple"},"_links":{"self":[{"href":"https:\/\/uj.adatbank.ro\/lexikon\/wp-json\/wp\/v2\/product\/9682","targetHints":{"allow":["GET"]}}],"collection":[{"href":"https:\/\/uj.adatbank.ro\/lexikon\/wp-json\/wp\/v2\/product"}],"about":[{"href":"https:\/\/uj.adatbank.ro\/lexikon\/wp-json\/wp\/v2\/types\/product"}],"replies":[{"embeddable":true,"href":"https:\/\/uj.adatbank.ro\/lexikon\/wp-json\/wp\/v2\/comments?post=9682"}],"wp:attachment":[{"href":"https:\/\/uj.adatbank.ro\/lexikon\/wp-json\/wp\/v2\/media?parent=9682"}],"wp:term":[{"taxonomy":"product_brand","embeddable":true,"href":"https:\/\/uj.adatbank.ro\/lexikon\/wp-json\/wp\/v2\/product_brand?post=9682"},{"taxonomy":"product_cat","embeddable":true,"href":"https:\/\/uj.adatbank.ro\/lexikon\/wp-json\/wp\/v2\/product_cat?post=9682"},{"taxonomy":"product_tag","embeddable":true,"href":"https:\/\/uj.adatbank.ro\/lexikon\/wp-json\/wp\/v2\/product_tag?post=9682"}],"curies":[{"name":"wp","href":"https:\/\/api.w.org\/{rel}","templated":true}]}}

<p>Szászrégen, 1859., † Újvidék, 1912. márc. 20.: tanítónő. – A ref. tanítóképzőt Kv.-on (1873–76), a tanítóképzőt Bp.-en végezte. Tanított a rettegi elemi iskolában (1877–79), pápai polgári leányiskolában (1879–86), az alsómecenzési népisk.-ban (1886–92), a szekszárdi (1892–96) és újvidéki (1896–1912) polgári iskolában. Ápr. 11. ünnepi beszéde: Újvidéki Áll. Polgári Leányiskola Értesítőjében (1903). <br /><strong>Irod.:</strong> Gulyás</br></p>

<p>Szászrégen, 1859., † Újvidék, 1912. márc. 20.: tanítónő. – A ref. tanítóképzőt Kv.-on (1873–76), a tanítóképzőt Bp.-en végezte. Tanított a rettegi elemi iskolában (1877–79), pápai polgári leányiskolában (1879–86), az alsómecenzési népisk.-ban (1886–92), a szekszárdi (1892–96) és újvidéki (1896–1912) polgári iskolában. Ápr. 11. ünnepi beszéde: Újvidéki Áll. Polgári Leányiskola Értesítőjében (1903). Irod.: Gulyás</p>
