{"id":9683,"date":"2025-06-29T12:53:26","date_gmt":"2025-06-29T10:53:26","guid":{"rendered":"https:\/\/uj.adatbank.ro\/lexikon\/termek\/harrach-jozsef-harrach-josef\/"},"modified":"2025-06-29T12:53:26","modified_gmt":"2025-06-29T10:53:26","slug":"harrach-jozsef-harrach-josef","status":"publish","type":"product","link":"https:\/\/uj.adatbank.ro\/lexikon\/termek\/harrach-jozsef-harrach-josef\/","title":{"rendered":"HARRACH J\u00f3zsef, Harrach Josef"},"content":{"rendered":"<p>Sz\u00e1szr\u00e9gen, 1848. szept. 14., \u2020 Bp., 1899. szept. 15.: zenepedag\u00f3gus, zenetud\u00f3s, \u00edr\u00f3. \u2013 A gimn. -ot Mv.-en, a fels\u0151 oszt\u00e1lyokat Kv.-on v\u00e9gezte (1869); a b\u00f6lcseletet Bp.-en hallgatta \u00e9s tan\u00e1ri oklevelet szerzett a n\u00e9met nyelv \u00e9s irodalom, valamint filoz\u00f3fi\u00e1b\u00f3l (1875), m. nyelv \u00e9s irodalomb\u00f3l (1875); b\u00f6lcseleti doktori oklevelet nyert (1888). Bp.-en tan\u00edtott m. \u00e9s n\u00e9met nyelv \u00e9s irodalmat, filoz\u00f3fi\u00e1t, \u00e9neket (1873\u2013); a m. kir. Zeneakad\u00e9mi\u00e1n tan\u00edtott zenet\u00f6rt\u00e9netet, eszt\u00e9tik\u00e1t, poetik\u00e1t \u00e9s zene-pedag\u00f3gi\u00e1t (1888\u2013). Zenei tanulm\u00e1ny\u00fatra k\u00fcldt\u00e9k k\u00fclf\u00f6ldre (1889), bej\u00e1rta P\u00e1rizs, R\u00f3ma, Berlin, Z\u00fcrich, B\u00e1zel \u00e9s m\u00e1s n\u00e9met v\u00e1rosokat k\u00fcl\u00f6n\u00f6sen a zeneiskol\u00e1kat \u00e9s hangverseny csarnokokat tanulm\u00e1nyozta. Kottak\u00f6zread\u00e1ssal is foglalko\u00adzott; zenekritikusa a Pesti Napl\u00f3nak \u00e9s t\u00f6bb napilapnak. Cikkeit \u00e9s tanulm\u00e1nyait k\u00f6z\u00f6lte: Figyel\u0151, R\u00e9szv\u00e9t Album, Zen\u00e9szeti Hetilap, Reform, T\u00e1rsadalom, Ellen\u0151r, F\u0151v\u00e1rosi Lapok, Hunyadi Album, Orsz\u00e1g Vil\u00e1g. \u2013 <strong>F. m.:<\/strong> N\u00e9met verstan k\u00f6z\u00e9piskolai haszn\u00e1latra (Bp., 1878); N\u00e9met olvas\u00f3k\u00f6nyv k\u00f6z\u00e9piskolai haszn\u00e1latra 4. k. (1883, 1884, 1891); Schopenhauer \u00e9s Wagner Richard (Bp., 1887); K\u00f6zlem\u00e9nyek a zenem\u0171v\u00e9szet k\u00f6r\u00e9b\u0151l (Gy\u0151r, 1889); Goethe Hermann \u00e9s Dorothe\u00e1ja (Gy\u0151r, 1889, 1898); Magyar Arion: Vegyes kar\u00fa \u00e9nekek gy\u0171jtem\u00e9nye. 2. r\u00e9sz. (Bp., 1892\u201393); Aranylant: Gyermek- \u00e9s n\u0151i kar\u00e9nekek gy\u0171jtem\u00e9nye. 3 r\u00e9sz (Bp., 1895); Zenei nevel\u00e9s\u00fcnk reformja (Bp. 1896); <strong>antol\u00f3g.:<\/strong> R\u00e9szv\u00e9t-album (Kv., 1872); <strong>ford.:<\/strong> Az eszm\u00e9ny a m\u0171v\u00e9szetben \/ Irta H. Taine (Bp., 1878, 1905, 1917, 1925). <br \/><strong>Irod.:<\/strong> Guly\u00e1s; Gy\u00e1szjelent\u0151; LSS; M\u00c9L; MNL; RNL; Szinnyei; Szinnyei J.; \u00daM\u00c9L, Zilahi Gy\u00f6rgy: Jegyz\u00e9ke a kereskedelmi szakoktat\u00e1s k\u00f6r\u00e9be tartoz\u00f3 Mo.-on megjelent m\u0171veknek (Bp., 1913)<\/br><\/p>\n","protected":false},"excerpt":{"rendered":"<p>Sz\u00e1szr\u00e9gen, 1848. szept. 14., \u2020 Bp., 1899. szept. 15.: zenepedag\u00f3gus, zenetud\u00f3s, \u00edr\u00f3. \u2013 A gimn. -ot Mv.-en, a fels\u0151 oszt\u00e1lyokat Kv.-on v\u00e9gezte (1869); a b\u00f6lcseletet Bp.-en hallgatta \u00e9s tan\u00e1ri oklevelet szerzett a n\u00e9met nyelv \u00e9s irodalom, valamint filoz\u00f3fi\u00e1b\u00f3l (1875), m. nyelv \u00e9s irodalomb\u00f3l (1875); b\u00f6lcseleti doktori oklevelet nyert (1888). Bp.-en tan\u00edtott m. \u00e9s n\u00e9met nyelv [&hellip;]<\/p>\n","protected":false},"featured_media":0,"comment_status":"open","ping_status":"closed","template":"","meta":[],"product_brand":[],"product_cat":[137],"product_tag":[],"class_list":{"0":"post-9683","1":"product","2":"type-product","3":"status-publish","5":"product_cat-maros-megyei-eletrajzi-lexikon","7":"first","8":"instock","9":"shipping-taxable","10":"product-type-simple"},"_links":{"self":[{"href":"https:\/\/uj.adatbank.ro\/lexikon\/wp-json\/wp\/v2\/product\/9683","targetHints":{"allow":["GET"]}}],"collection":[{"href":"https:\/\/uj.adatbank.ro\/lexikon\/wp-json\/wp\/v2\/product"}],"about":[{"href":"https:\/\/uj.adatbank.ro\/lexikon\/wp-json\/wp\/v2\/types\/product"}],"replies":[{"embeddable":true,"href":"https:\/\/uj.adatbank.ro\/lexikon\/wp-json\/wp\/v2\/comments?post=9683"}],"wp:attachment":[{"href":"https:\/\/uj.adatbank.ro\/lexikon\/wp-json\/wp\/v2\/media?parent=9683"}],"wp:term":[{"taxonomy":"product_brand","embeddable":true,"href":"https:\/\/uj.adatbank.ro\/lexikon\/wp-json\/wp\/v2\/product_brand?post=9683"},{"taxonomy":"product_cat","embeddable":true,"href":"https:\/\/uj.adatbank.ro\/lexikon\/wp-json\/wp\/v2\/product_cat?post=9683"},{"taxonomy":"product_tag","embeddable":true,"href":"https:\/\/uj.adatbank.ro\/lexikon\/wp-json\/wp\/v2\/product_tag?post=9683"}],"curies":[{"name":"wp","href":"https:\/\/api.w.org\/{rel}","templated":true}]}}

HARRACH József, Harrach Josef

<p>Szászrégen, 1848. szept. 14., † Bp., 1899. szept. 15.: zenepedagógus, zenetudós, író. – A gimn. -ot Mv.-en, a felső osztályokat Kv.-on végezte (1869); a bölcseletet Bp.-en hallgatta és tanári oklevelet szerzett a német nyelv és irodalom, valamint filozófiából (1875), m. nyelv és irodalomból (1875); bölcseleti doktori oklevelet nyert (1888). Bp.-en tanított m. és német nyelv és irodalmat, filozófiát, éneket (1873–); a m. kir. Zeneakadémián tanított zenetörténetet, esztétikát, poetikát és zene-pedagógiát (1888–). Zenei tanulmányútra küldték külföldre (1889), bejárta Párizs, Róma, Berlin, Zürich, Bázel és más német városokat különösen a zeneiskolákat és hangverseny csarnokokat tanulmányozta. Kottaközreadással is foglalko­zott; zenekritikusa a Pesti Naplónak és több napilapnak. Cikkeit és tanulmányait közölte: Figyelő, Részvét Album, Zenészeti Hetilap, Reform, Társadalom, Ellenőr, Fővárosi Lapok, Hunyadi Album, Ország Világ. – <strong>F. m.:</strong> Német verstan középiskolai használatra (Bp., 1878); Német olvasókönyv középiskolai használatra 4. k. (1883, 1884, 1891); Schopenhauer és Wagner Richard (Bp., 1887); Közlemények a zeneművészet köréből (Győr, 1889); Goethe Hermann és Dorotheája (Győr, 1889, 1898); Magyar Arion: Vegyes karú énekek gyűjteménye. 2. rész. (Bp., 1892–93); Aranylant: Gyermek- és női karénekek gyűjteménye. 3 rész (Bp., 1895); Zenei nevelésünk reformja (Bp. 1896); <strong>antológ.:</strong> Részvét-album (Kv., 1872); <strong>ford.:</strong> Az eszmény a művészetben / Irta H. Taine (Bp., 1878, 1905, 1917, 1925). <br /><strong>Irod.:</strong> Gulyás; Gyászjelentő; LSS; MÉL; MNL; RNL; Szinnyei; Szinnyei J.; ÚMÉL, Zilahi György: Jegyzéke a kereskedelmi szakoktatás körébe tartozó Mo.-on megjelent műveknek (Bp., 1913)</br></p>

<p>Szászrégen, 1848. szept. 14., † Bp., 1899. szept. 15.: zenepedagógus, zenetudós, író. – A gimn. -ot Mv.-en, a felső osztályokat Kv.-on végezte (1869); a bölcseletet Bp.-en hallgatta és tanári oklevelet szerzett a német nyelv és irodalom, valamint filozófiából (1875), m. nyelv és irodalomból (1875); bölcseleti doktori oklevelet nyert (1888). Bp.-en tanított m. és német nyelv [&hellip;]</p>
