{"id":9684,"date":"2025-06-29T12:53:30","date_gmt":"2025-06-29T10:53:30","guid":{"rendered":"https:\/\/uj.adatbank.ro\/lexikon\/termek\/harsan-gheorghita\/"},"modified":"2025-06-29T12:53:30","modified_gmt":"2025-06-29T10:53:30","slug":"harsan-gheorghita","status":"publish","type":"product","link":"https:\/\/uj.adatbank.ro\/lexikon\/termek\/harsan-gheorghita\/","title":{"rendered":"H\u0102R\u015eAN Gheorghi\u0163\u0103"},"content":{"rendered":"<p>L\u00e1rgatelep, 1886., \u2020 ? : tan\u00edt\u00f3. \u2013 Az osztr. -m. korm\u00e1ny a H\u0103r\u015fan csal\u00e1dnak, szolg\u00e1latai elismer\u00e9sek\u00e9ppen, nemesi rangot adom\u00e1nyozott (minek k\u00f6vetkezt\u00e9ben mentes\u00fclt a k\u00f6ztehervisel\u00e9st\u0151l), \u00e9s sz\u00e1nt\u00f3f\u00f6ldet valamint legel\u0151t is kapott az Urice nev\u0171 hat\u00e1rban, ahol szarvasmarh\u00e1kat tartottak. Hod\u00e1kon tan\u00edtott. A nev\u00e9hez f\u0171z\u0151dik az els\u0151 hod\u00e1ki rom\u00e1n elemi iskola l\u00e9trehoz\u00e1sa, amelynek tan\u00edt\u00f3ja is volt. <br \/><strong>Irod.:<\/strong> Gurghiul, vale<\/br><\/p>\n","protected":false},"excerpt":{"rendered":"<p>L\u00e1rgatelep, 1886., \u2020 ? : tan\u00edt\u00f3. \u2013 Az osztr. -m. korm\u00e1ny a H\u0103r\u015fan csal\u00e1dnak, szolg\u00e1latai elismer\u00e9sek\u00e9ppen, nemesi rangot adom\u00e1nyozott (minek k\u00f6vetkezt\u00e9ben mentes\u00fclt a k\u00f6ztehervisel\u00e9st\u0151l), \u00e9s sz\u00e1nt\u00f3f\u00f6ldet valamint legel\u0151t is kapott az Urice nev\u0171 hat\u00e1rban, ahol szarvasmarh\u00e1kat tartottak. Hod\u00e1kon tan\u00edtott. A nev\u00e9hez f\u0171z\u0151dik az els\u0151 hod\u00e1ki rom\u00e1n elemi iskola l\u00e9trehoz\u00e1sa, amelynek tan\u00edt\u00f3ja is volt. Irod.: Gurghiul, [&hellip;]<\/p>\n","protected":false},"featured_media":0,"comment_status":"open","ping_status":"closed","template":"","meta":[],"product_brand":[],"product_cat":[137],"product_tag":[],"class_list":{"0":"post-9684","1":"product","2":"type-product","3":"status-publish","5":"product_cat-maros-megyei-eletrajzi-lexikon","7":"first","8":"instock","9":"shipping-taxable","10":"product-type-simple"},"_links":{"self":[{"href":"https:\/\/uj.adatbank.ro\/lexikon\/wp-json\/wp\/v2\/product\/9684","targetHints":{"allow":["GET"]}}],"collection":[{"href":"https:\/\/uj.adatbank.ro\/lexikon\/wp-json\/wp\/v2\/product"}],"about":[{"href":"https:\/\/uj.adatbank.ro\/lexikon\/wp-json\/wp\/v2\/types\/product"}],"replies":[{"embeddable":true,"href":"https:\/\/uj.adatbank.ro\/lexikon\/wp-json\/wp\/v2\/comments?post=9684"}],"wp:attachment":[{"href":"https:\/\/uj.adatbank.ro\/lexikon\/wp-json\/wp\/v2\/media?parent=9684"}],"wp:term":[{"taxonomy":"product_brand","embeddable":true,"href":"https:\/\/uj.adatbank.ro\/lexikon\/wp-json\/wp\/v2\/product_brand?post=9684"},{"taxonomy":"product_cat","embeddable":true,"href":"https:\/\/uj.adatbank.ro\/lexikon\/wp-json\/wp\/v2\/product_cat?post=9684"},{"taxonomy":"product_tag","embeddable":true,"href":"https:\/\/uj.adatbank.ro\/lexikon\/wp-json\/wp\/v2\/product_tag?post=9684"}],"curies":[{"name":"wp","href":"https:\/\/api.w.org\/{rel}","templated":true}]}}

HĂRŞAN Gheorghiţă

<p>Lárgatelep, 1886., † ? : tanító. – Az osztr. -m. kormány a Hărşan családnak, szolgálatai elismeréseképpen, nemesi rangot adományozott (minek következtében mentesült a közteherviseléstől), és szántóföldet valamint legelőt is kapott az Urice nevű határban, ahol szarvasmarhákat tartottak. Hodákon tanított. A nevéhez fűződik az első hodáki román elemi iskola létrehozása, amelynek tanítója is volt. <br /><strong>Irod.:</strong> Gurghiul, vale</br></p>

<p>Lárgatelep, 1886., † ? : tanító. – Az osztr. -m. kormány a Hărşan családnak, szolgálatai elismeréseképpen, nemesi rangot adományozott (minek következtében mentesült a közteherviseléstől), és szántóföldet valamint legelőt is kapott az Urice nevű határban, ahol szarvasmarhákat tartottak. Hodákon tanított. A nevéhez fűződik az első hodáki román elemi iskola létrehozása, amelynek tanítója is volt. Irod.: Gurghiul, [&hellip;]</p>
