{"id":9685,"date":"2025-06-29T12:53:31","date_gmt":"2025-06-29T10:53:31","guid":{"rendered":"https:\/\/uj.adatbank.ro\/lexikon\/termek\/harsan-ieremia-harsian-ieremia-pop-de-harsianu-ieremia\/"},"modified":"2025-06-29T12:53:31","modified_gmt":"2025-06-29T10:53:31","slug":"harsan-ieremia-harsian-ieremia-pop-de-harsianu-ieremia","status":"publish","type":"product","link":"https:\/\/uj.adatbank.ro\/lexikon\/termek\/harsan-ieremia-harsian-ieremia-pop-de-harsianu-ieremia\/","title":{"rendered":"H\u0102R\u015eAN Ieremia, H\u0103r\u015fian, Ieremia, Pop de H\u0103r\u015fianu, Ieremia"},"content":{"rendered":"<p>Als\u00f3k\u00f6h\u00e9r, 1841., \u2020 1911 ut\u00e1n? : g\u00f6r. kat. pap. \u2013 Amikor megn\u0151s\u00fclt (1875), felvette feles\u00e9ge csal\u00e1dnev\u00e9t is: Pop. Ez\u00e9rt tal\u00e1lhat\u00f3 a k\u00e9s\u0151bbi dok. -okban Ieremia Pop de H\u0103r\u015fianu-n\u00e9vvel. Feles\u00e9ge hal\u00e1la ut\u00e1n (1883) n\u00e9gy \u00e1rv\u00e1val maradt. \u2013 Teol\u00f3giai tanulm\u00e1nyaik\u00e9nt a r\u00f6vid (\u201emoralist\u201d) tanfolyamot v\u00e9gezte. Papp\u00e1 szentelt\u00e9k (1866). Als\u00f3k\u00f6h\u00e9rben ez a csal\u00e1d adta t\u00f6bb \u00e9vtizeden kereszt\u00fcl a falu g\u00f6\u00fcr. kat papjait. <br \/><strong>Irod.:<\/strong> Dobozi<\/br><\/p>\n","protected":false},"excerpt":{"rendered":"<p>Als\u00f3k\u00f6h\u00e9r, 1841., \u2020 1911 ut\u00e1n? : g\u00f6r. kat. pap. \u2013 Amikor megn\u0151s\u00fclt (1875), felvette feles\u00e9ge csal\u00e1dnev\u00e9t is: Pop. Ez\u00e9rt tal\u00e1lhat\u00f3 a k\u00e9s\u0151bbi dok. -okban Ieremia Pop de H\u0103r\u015fianu-n\u00e9vvel. Feles\u00e9ge hal\u00e1la ut\u00e1n (1883) n\u00e9gy \u00e1rv\u00e1val maradt. \u2013 Teol\u00f3giai tanulm\u00e1nyaik\u00e9nt a r\u00f6vid (\u201emoralist\u201d) tanfolyamot v\u00e9gezte. Papp\u00e1 szentelt\u00e9k (1866). Als\u00f3k\u00f6h\u00e9rben ez a csal\u00e1d adta t\u00f6bb \u00e9vtizeden kereszt\u00fcl a [&hellip;]<\/p>\n","protected":false},"featured_media":0,"comment_status":"open","ping_status":"closed","template":"","meta":[],"product_brand":[],"product_cat":[137],"product_tag":[],"class_list":{"0":"post-9685","1":"product","2":"type-product","3":"status-publish","5":"product_cat-maros-megyei-eletrajzi-lexikon","7":"first","8":"instock","9":"shipping-taxable","10":"product-type-simple"},"_links":{"self":[{"href":"https:\/\/uj.adatbank.ro\/lexikon\/wp-json\/wp\/v2\/product\/9685","targetHints":{"allow":["GET"]}}],"collection":[{"href":"https:\/\/uj.adatbank.ro\/lexikon\/wp-json\/wp\/v2\/product"}],"about":[{"href":"https:\/\/uj.adatbank.ro\/lexikon\/wp-json\/wp\/v2\/types\/product"}],"replies":[{"embeddable":true,"href":"https:\/\/uj.adatbank.ro\/lexikon\/wp-json\/wp\/v2\/comments?post=9685"}],"wp:attachment":[{"href":"https:\/\/uj.adatbank.ro\/lexikon\/wp-json\/wp\/v2\/media?parent=9685"}],"wp:term":[{"taxonomy":"product_brand","embeddable":true,"href":"https:\/\/uj.adatbank.ro\/lexikon\/wp-json\/wp\/v2\/product_brand?post=9685"},{"taxonomy":"product_cat","embeddable":true,"href":"https:\/\/uj.adatbank.ro\/lexikon\/wp-json\/wp\/v2\/product_cat?post=9685"},{"taxonomy":"product_tag","embeddable":true,"href":"https:\/\/uj.adatbank.ro\/lexikon\/wp-json\/wp\/v2\/product_tag?post=9685"}],"curies":[{"name":"wp","href":"https:\/\/api.w.org\/{rel}","templated":true}]}}

HĂRŞAN Ieremia, Hărşian, Ieremia, Pop de Hărşianu, Ieremia

<p>Alsóköhér, 1841., † 1911 után? : gör. kat. pap. – Amikor megnősült (1875), felvette felesége családnevét is: Pop. Ezért található a későbbi dok. -okban Ieremia Pop de Hărşianu-névvel. Felesége halála után (1883) négy árvával maradt. – Teológiai tanulmányaiként a rövid („moralist”) tanfolyamot végezte. Pappá szentelték (1866). Alsóköhérben ez a család adta több évtizeden keresztül a falu göür. kat papjait. <br /><strong>Irod.:</strong> Dobozi</br></p>

<p>Alsóköhér, 1841., † 1911 után? : gör. kat. pap. – Amikor megnősült (1875), felvette felesége családnevét is: Pop. Ezért található a későbbi dok. -okban Ieremia Pop de Hărşianu-névvel. Felesége halála után (1883) négy árvával maradt. – Teológiai tanulmányaiként a rövid („moralist”) tanfolyamot végezte. Pappá szentelték (1866). Alsóköhérben ez a család adta több évtizeden keresztül a [&hellip;]</p>
