{"id":9688,"date":"2025-06-29T12:53:35","date_gmt":"2025-06-29T10:53:35","guid":{"rendered":"https:\/\/uj.adatbank.ro\/lexikon\/termek\/harsan-victor\/"},"modified":"2025-06-29T12:53:35","modified_gmt":"2025-06-29T10:53:35","slug":"harsan-victor","status":"publish","type":"product","link":"https:\/\/uj.adatbank.ro\/lexikon\/termek\/harsan-victor\/","title":{"rendered":"H\u0102R\u015eAN Victor"},"content":{"rendered":"<p>Adorj\u00e1n, 1921. okt. 22., \u2020 ?: \u0151rmester. \u2013 A rom\u00e1n hadsereg nyugati hadj\u00e1rat\u00e1ban vett r\u00e9szt, majd m. hadifogs\u00e1gba ker\u00fclt (1944. dec. 15- 45. m\u00e1j. 11.). <br \/><strong>Irod.:<\/strong> Reghin, militari<\/br><\/p>\n","protected":false},"excerpt":{"rendered":"<p>Adorj\u00e1n, 1921. okt. 22., \u2020 ?: \u0151rmester. \u2013 A rom\u00e1n hadsereg nyugati hadj\u00e1rat\u00e1ban vett r\u00e9szt, majd m. hadifogs\u00e1gba ker\u00fclt (1944. dec. 15- 45. m\u00e1j. 11.). Irod.: Reghin, militari<\/p>\n","protected":false},"featured_media":0,"comment_status":"open","ping_status":"closed","template":"","meta":[],"product_brand":[],"product_cat":[137],"product_tag":[],"class_list":{"0":"post-9688","1":"product","2":"type-product","3":"status-publish","5":"product_cat-maros-megyei-eletrajzi-lexikon","7":"first","8":"instock","9":"shipping-taxable","10":"product-type-simple"},"_links":{"self":[{"href":"https:\/\/uj.adatbank.ro\/lexikon\/wp-json\/wp\/v2\/product\/9688","targetHints":{"allow":["GET"]}}],"collection":[{"href":"https:\/\/uj.adatbank.ro\/lexikon\/wp-json\/wp\/v2\/product"}],"about":[{"href":"https:\/\/uj.adatbank.ro\/lexikon\/wp-json\/wp\/v2\/types\/product"}],"replies":[{"embeddable":true,"href":"https:\/\/uj.adatbank.ro\/lexikon\/wp-json\/wp\/v2\/comments?post=9688"}],"wp:attachment":[{"href":"https:\/\/uj.adatbank.ro\/lexikon\/wp-json\/wp\/v2\/media?parent=9688"}],"wp:term":[{"taxonomy":"product_brand","embeddable":true,"href":"https:\/\/uj.adatbank.ro\/lexikon\/wp-json\/wp\/v2\/product_brand?post=9688"},{"taxonomy":"product_cat","embeddable":true,"href":"https:\/\/uj.adatbank.ro\/lexikon\/wp-json\/wp\/v2\/product_cat?post=9688"},{"taxonomy":"product_tag","embeddable":true,"href":"https:\/\/uj.adatbank.ro\/lexikon\/wp-json\/wp\/v2\/product_tag?post=9688"}],"curies":[{"name":"wp","href":"https:\/\/api.w.org\/{rel}","templated":true}]}}