{"id":9689,"date":"2025-06-29T12:53:39","date_gmt":"2025-06-29T10:53:39","guid":{"rendered":"https:\/\/uj.adatbank.ro\/lexikon\/termek\/harsan-zaharia-%c2%a7\/"},"modified":"2025-06-29T12:53:39","modified_gmt":"2025-06-29T10:53:39","slug":"harsan-zaharia-%c2%a7","status":"publish","type":"product","link":"https:\/\/uj.adatbank.ro\/lexikon\/termek\/harsan-zaharia-%c2%a7\/","title":{"rendered":"H\u0102R\u015eAN Zaharia, \u00a7"},"content":{"rendered":"<p>Als\u00f3k\u00f6h\u00e9r, 1907. j\u00fal. 4., \u2020 Als\u00f3k\u00f6h\u00e9r,. 1960. jan.?: tan\u00edt\u00f3. \u2013 A sz\u00fcl\u0151faluj\u00e1ban kezdett tanulni, tan\u00edt\u00f3k\u00e9pz\u0151t Mv.-en v\u00e9gzett (1920). Els\u0151 munkahelye Szind (Kolozs) (1920\u201337), azut\u00e1n Fels\u0151k\u00f6h\u00e9r, ahonnan elmenek\u00fcl (1940), \u00e9s Aranyosl\u00f3n\u00e1n v\u00e1llal tan\u00edt\u00f3i \u00e1ll\u00e1st egy \u00e9vig, onnan Mez\u0151b\u0151re ker\u00fclt (1941\u201345), majd visszak\u00f6lt\u00f6z\u00f6tt Als\u00f3k\u00f6h\u00e9rre, ahol hal\u00e1l\u00e1ig dolgozott. Minden fokozati vizsg\u00e1t letett, r\u00e1b\u00edzt\u00e1k az iskola igazgat\u00e1s\u00e1t. Hat\u00e9kony m\u0171vel\u0151d\u00e9si tev\u00e9kenys\u00e9get fejtettek ki feles\u00e9g\u00e9vel Virgini\u00e1val (1908. okt. 13. \u2013 1967. febr.). <br \/><strong>Irod.:<\/strong> Dasc\u0103li mure\u015feni, 4.<\/br><\/p>\n","protected":false},"excerpt":{"rendered":"<p>Als\u00f3k\u00f6h\u00e9r, 1907. j\u00fal. 4., \u2020 Als\u00f3k\u00f6h\u00e9r,. 1960. jan.?: tan\u00edt\u00f3. \u2013 A sz\u00fcl\u0151faluj\u00e1ban kezdett tanulni, tan\u00edt\u00f3k\u00e9pz\u0151t Mv.-en v\u00e9gzett (1920). Els\u0151 munkahelye Szind (Kolozs) (1920\u201337), azut\u00e1n Fels\u0151k\u00f6h\u00e9r, ahonnan elmenek\u00fcl (1940), \u00e9s Aranyosl\u00f3n\u00e1n v\u00e1llal tan\u00edt\u00f3i \u00e1ll\u00e1st egy \u00e9vig, onnan Mez\u0151b\u0151re ker\u00fclt (1941\u201345), majd visszak\u00f6lt\u00f6z\u00f6tt Als\u00f3k\u00f6h\u00e9rre, ahol hal\u00e1l\u00e1ig dolgozott. Minden fokozati vizsg\u00e1t letett, r\u00e1b\u00edzt\u00e1k az iskola igazgat\u00e1s\u00e1t. Hat\u00e9kony m\u0171vel\u0151d\u00e9si [&hellip;]<\/p>\n","protected":false},"featured_media":0,"comment_status":"open","ping_status":"closed","template":"","meta":[],"product_brand":[],"product_cat":[137],"product_tag":[],"class_list":{"0":"post-9689","1":"product","2":"type-product","3":"status-publish","5":"product_cat-maros-megyei-eletrajzi-lexikon","7":"first","8":"instock","9":"shipping-taxable","10":"product-type-simple"},"_links":{"self":[{"href":"https:\/\/uj.adatbank.ro\/lexikon\/wp-json\/wp\/v2\/product\/9689","targetHints":{"allow":["GET"]}}],"collection":[{"href":"https:\/\/uj.adatbank.ro\/lexikon\/wp-json\/wp\/v2\/product"}],"about":[{"href":"https:\/\/uj.adatbank.ro\/lexikon\/wp-json\/wp\/v2\/types\/product"}],"replies":[{"embeddable":true,"href":"https:\/\/uj.adatbank.ro\/lexikon\/wp-json\/wp\/v2\/comments?post=9689"}],"wp:attachment":[{"href":"https:\/\/uj.adatbank.ro\/lexikon\/wp-json\/wp\/v2\/media?parent=9689"}],"wp:term":[{"taxonomy":"product_brand","embeddable":true,"href":"https:\/\/uj.adatbank.ro\/lexikon\/wp-json\/wp\/v2\/product_brand?post=9689"},{"taxonomy":"product_cat","embeddable":true,"href":"https:\/\/uj.adatbank.ro\/lexikon\/wp-json\/wp\/v2\/product_cat?post=9689"},{"taxonomy":"product_tag","embeddable":true,"href":"https:\/\/uj.adatbank.ro\/lexikon\/wp-json\/wp\/v2\/product_tag?post=9689"}],"curies":[{"name":"wp","href":"https:\/\/api.w.org\/{rel}","templated":true}]}}

HĂRŞAN Zaharia, §

<p>Alsóköhér, 1907. júl. 4., † Alsóköhér,. 1960. jan.?: tanító. – A szülőfalujában kezdett tanulni, tanítóképzőt Mv.-en végzett (1920). Első munkahelye Szind (Kolozs) (1920–37), azután Felsőköhér, ahonnan elmenekül (1940), és Aranyoslónán vállal tanítói állást egy évig, onnan Mezőbőre került (1941–45), majd visszaköltözött Alsóköhérre, ahol haláláig dolgozott. Minden fokozati vizsgát letett, rábízták az iskola igazgatását. Hatékony művelődési tevékenységet fejtettek ki feleségével Virginiával (1908. okt. 13. – 1967. febr.). <br /><strong>Irod.:</strong> Dascăli mureşeni, 4.</br></p>

<p>Alsóköhér, 1907. júl. 4., † Alsóköhér,. 1960. jan.?: tanító. – A szülőfalujában kezdett tanulni, tanítóképzőt Mv.-en végzett (1920). Első munkahelye Szind (Kolozs) (1920–37), azután Felsőköhér, ahonnan elmenekül (1940), és Aranyoslónán vállal tanítói állást egy évig, onnan Mezőbőre került (1941–45), majd visszaköltözött Alsóköhérre, ahol haláláig dolgozott. Minden fokozati vizsgát letett, rábízták az iskola igazgatását. Hatékony művelődési [&hellip;]</p>
