{"id":9695,"date":"2025-06-29T12:53:55","date_gmt":"2025-06-29T10:53:55","guid":{"rendered":"https:\/\/uj.adatbank.ro\/lexikon\/termek\/harsia-ioan-%c2%a7-harsia-ioan\/"},"modified":"2025-06-29T12:53:55","modified_gmt":"2025-06-29T10:53:55","slug":"harsia-ioan-%c2%a7-harsia-ioan","status":"publish","type":"product","link":"https:\/\/uj.adatbank.ro\/lexikon\/termek\/harsia-ioan-%c2%a7-harsia-ioan\/","title":{"rendered":"HAR\u015eIA Ioan, \u00a7 H\u0103r\u015fia Ioan"},"content":{"rendered":"<p>Kisnyulas, 1872. \u00e1pr. 12., \u2020 Sz\u00e1szr\u00e9gen, 1953. jan. 26.: \u00fcgyv\u00e9d, polg\u00e1rmester. \u2013 Apja is \u00fcgyv\u00e9d volt. \u2013 Bal\u00e1zsfalv\u00e1n v\u00e9gezte a k\u00f6z\u00e9piskol\u00e1it, ahol \u00e9retts\u00e9gizett (1883\u201391). Fizetett gyakornok Mv.-en a Kir. T\u00e1bl\u00e1n\u00e1l, \u00fcgyv\u00e9di diplom\u00e1t \u00e9s doktor\u00e1tust Kv.-on szerzett. R\u00e9genben nyitott \u00fcgyv\u00e9di irod\u00e1t (1900 k.). Mint megyei tan\u00e1cstag r\u00e9szt vett a vm. \u00fcgyeinek int\u00e9z\u00e9s\u00e9ben. A Rom\u00e1n Nemzeti P\u00e1rt marosmegyei tagozat\u00e1nak \u00e9s az ASTRA sz\u00e1szr\u00e9geni ker\u00fclet\u00e9nek eln\u00f6ke (1912\u201318), majd a r\u00e9geni r\u00e9szleg igazgat\u00f3ja (1910\u201314). Alap\u00edt\u00f3tagja a Rom\u00e1n G\u00f6r. Kat. Tan\u00edt\u00f3k Egyes\u00fclet\u00e9nek, aleln\u00f6ke a Sz\u00ednh\u00e1zalap\u00edt\u00f3 T\u00e1rsas\u00e1gnak, a Rom\u00e1n Iparosok T\u00e1rsas\u00e1g\u00e1nak kezdem\u00e9nyez\u0151je, a Rom\u00e1n Olvas\u00f3k\u00f6r ir\u00e1ny\u00edt\u00f3ja. Az I. vh.-ban harcolt, orosz fogs\u00e1gba esett (1917), majd r\u00e9szt vett a rom\u00e1n \u00f6nk\u00e9ntesek hadtest\u00e9ben. Visszat\u00e9rt Sz\u00e1szr\u00e9genbe, az egyes\u00fcl\u00e9s\u00e9rt vivott k\u00fczdelem \u00e9lharcosa lett. H\u00e1z\u00e1ban sz\u00e9kelt a MT megye Rom\u00e1n Nemzeti Tan\u00e1csa, ahol el\u0151k\u00e9sz\u00edtett\u00e9k \u00e9s megval\u00f3s\u00edtott\u00e1k az egyes\u00fcl\u00e9s sz\u00e1nd\u00e9k\u00e1t (1918). R\u00e9gen hivatalos k\u00fcld\u00f6tte a gyulafeh\u00e9rv\u00e1ri nagygy\u0171l\u00e9sre (1918. dec. 1), bev\u00e1lasztott\u00e1k a Nagy Rom\u00e1n Nemzeti Tan\u00e1csba. Katonai \u00fcgy\u00e9sz (1918). Eln\u00f6ke a r\u00e9geni Petru Maior Gimn. -nak; a R\u00e9geni Nemzeti Tan\u00e1cs titk\u00e1ra; tagja a parlamenti v\u00e1laszt\u00e1sokra l\u00e9trehozott K\u00f6zponti V\u00e1laszt\u00e1si Bizotts\u00e1gnak (1919). A mv.-i It\u00e9l\u0151t\u00e1bla b\u00edr\u00f3ja, polg\u00e1rmester Mv.-en (1920\u201322) \u00e9s a megyei tan\u00e1cs eln\u00f6ke. Tev\u00e9kenykedett a N\u00e9pp\u00e1rtban (1919\u201332) \u00e9s ennek szen\u00e1tora (1920\u201322; 1926\u201327); alap\u00edt\u00f3 tagja a G\u00f6r. Kat. Tan\u00edt\u00f3k Egyes\u00fclet\u00e9nek. Az Erd\u00e9lyi Kereskedelmi \u00e9s Hitelbank igazgat\u00f3s\u00e1gi tagja (1924). A sz\u00e1szr\u00e9geni Banca Mure\u015fiana tulajdonosa \u00e9s ig. tagja, tagja a Kereskedelmi \u00e9s Iparkamar\u00e1nak (1925); tagja a megyei Antirevizionista Lig\u00e1nak; a Nemzeti Agr\u00e1r P\u00e1rtban (1932\u201335), a Nemzeti Kereszt\u00e9ny P\u00e1rtban (1935\u201338) vezet\u0151s\u00e9gi tag. Eml\u00e9km\u0171veket \u00e1ll\u00edttatott a rom\u00e1n h\u0151s\u00f6knek F\u00fcletelk\u00e9n, H\u00e9tb\u00fckk\u00f6n \u00e9s Kisnyulason (1935\u201337 k.). Kit\u0171ntet\u00e9sei: a rom\u00e1n csillagrend tiszti keresztje (1922); Ipari \u00e9s Kereskedelmi \u00c9rdem\u00e9rem (1937). K\u00f6z\u00f6lt a Glasul poporului; Glasul Mure\u015fului; Drum drept c. foly\u00f3iratokban. Sz\u00e1szr\u00e9genben eml\u00e9kh\u00e1za van \u00e9s s\u00edreml\u00e9ke a sz\u00e1szr\u00e9geni ortodoxtemet\u0151ben (1953), \u201eB\u201d kateg\u00f3ri\u00e1j\u00fa m\u0171eml\u00e9k. \u2013 <strong>F. m.:<\/strong> Memoriu pentru men\u0163inerea municipialit\u0103\u0163ii ora\u015fului Tg. Mure\u015f (Tg. Mure\u015f, 1821); <strong>t\u00e1rssz.:<\/strong> Statutele Uniunei Ora\u015felor din Rom\u00e2nia (Cluj, 1922). <br \/><strong>Irod.:<\/strong> Bern\u00e1dy; B\u00edr\u00f3 Don\u00e1t; Bosoanc\u0103; Dandea: Dare de seam\u0103 asupra Adun\u0103rii Generale de constituire a Uniunii ora\u015felor din Rom\u00e2nia (Cluj, 1922); F\u0103r\u0103g\u0103u; Fodor\u2013Bal\u00e1s; Gazeta Reghinului (1996. j\u00fan. 1.); Id\u0151t\u00e1r 2; Id\u0151t\u00e1r 3; Jurnal de Mure\u015f (1995. nr. 25); Ki kicsoda?; Netea: Astra; \u00d6kr\u00f6s; Pan\u0103; Politics and political parties in Roumania (London, 1936); Popa, Traian: Tg. M.; Predescu; Profiluri reghinene; Pusztai-Popovits J\u00f3zsef: Rom\u00e1n kult\u00far\u00e9let a m. Erd\u00e9lyben (P\u00e9cs, 1942); Regh. cult. 2.; Reghin, militari; Reghin \u015fi \u00eemprejurimi; Szab\u00f3 Ferenc: Erd\u00e9ly \u00e9s a rom\u00e1n k\u00e9rd\u00e9s (Mv., 1910); Valori mure\u015fene de patrimoniu<\/br><\/p>\n","protected":false},"excerpt":{"rendered":"<p>Kisnyulas, 1872. \u00e1pr. 12., \u2020 Sz\u00e1szr\u00e9gen, 1953. jan. 26.: \u00fcgyv\u00e9d, polg\u00e1rmester. \u2013 Apja is \u00fcgyv\u00e9d volt. \u2013 Bal\u00e1zsfalv\u00e1n v\u00e9gezte a k\u00f6z\u00e9piskol\u00e1it, ahol \u00e9retts\u00e9gizett (1883\u201391). Fizetett gyakornok Mv.-en a Kir. T\u00e1bl\u00e1n\u00e1l, \u00fcgyv\u00e9di diplom\u00e1t \u00e9s doktor\u00e1tust Kv.-on szerzett. R\u00e9genben nyitott \u00fcgyv\u00e9di irod\u00e1t (1900 k.). Mint megyei tan\u00e1cstag r\u00e9szt vett a vm. \u00fcgyeinek int\u00e9z\u00e9s\u00e9ben. A Rom\u00e1n Nemzeti P\u00e1rt [&hellip;]<\/p>\n","protected":false},"featured_media":0,"comment_status":"open","ping_status":"closed","template":"","meta":[],"product_brand":[],"product_cat":[137],"product_tag":[],"class_list":{"0":"post-9695","1":"product","2":"type-product","3":"status-publish","5":"product_cat-maros-megyei-eletrajzi-lexikon","7":"first","8":"instock","9":"shipping-taxable","10":"product-type-simple"},"_links":{"self":[{"href":"https:\/\/uj.adatbank.ro\/lexikon\/wp-json\/wp\/v2\/product\/9695","targetHints":{"allow":["GET"]}}],"collection":[{"href":"https:\/\/uj.adatbank.ro\/lexikon\/wp-json\/wp\/v2\/product"}],"about":[{"href":"https:\/\/uj.adatbank.ro\/lexikon\/wp-json\/wp\/v2\/types\/product"}],"replies":[{"embeddable":true,"href":"https:\/\/uj.adatbank.ro\/lexikon\/wp-json\/wp\/v2\/comments?post=9695"}],"wp:attachment":[{"href":"https:\/\/uj.adatbank.ro\/lexikon\/wp-json\/wp\/v2\/media?parent=9695"}],"wp:term":[{"taxonomy":"product_brand","embeddable":true,"href":"https:\/\/uj.adatbank.ro\/lexikon\/wp-json\/wp\/v2\/product_brand?post=9695"},{"taxonomy":"product_cat","embeddable":true,"href":"https:\/\/uj.adatbank.ro\/lexikon\/wp-json\/wp\/v2\/product_cat?post=9695"},{"taxonomy":"product_tag","embeddable":true,"href":"https:\/\/uj.adatbank.ro\/lexikon\/wp-json\/wp\/v2\/product_tag?post=9695"}],"curies":[{"name":"wp","href":"https:\/\/api.w.org\/{rel}","templated":true}]}}

HARŞIA Ioan, § Hărşia Ioan

<p>Kisnyulas, 1872. ápr. 12., † Szászrégen, 1953. jan. 26.: ügyvéd, polgármester. – Apja is ügyvéd volt. – Balázsfalván végezte a középiskoláit, ahol érettségizett (1883–91). Fizetett gyakornok Mv.-en a Kir. Táblánál, ügyvédi diplomát és doktorátust Kv.-on szerzett. Régenben nyitott ügyvédi irodát (1900 k.). Mint megyei tanácstag részt vett a vm. ügyeinek intézésében. A Román Nemzeti Párt marosmegyei tagozatának és az ASTRA szászrégeni kerületének elnöke (1912–18), majd a régeni részleg igazgatója (1910–14). Alapítótagja a Román Gör. Kat. Tanítók Egyesületének, alelnöke a Színházalapító Társaságnak, a Román Iparosok Társaságának kezdeményezője, a Román Olvasókör irányítója. Az I. vh.-ban harcolt, orosz fogságba esett (1917), majd részt vett a román önkéntesek hadtestében. Visszatért Szászrégenbe, az egyesülésért vivott küzdelem élharcosa lett. Házában székelt a MT megye Román Nemzeti Tanácsa, ahol előkészítették és megvalósították az egyesülés szándékát (1918). Régen hivatalos küldötte a gyulafehérvári nagygyűlésre (1918. dec. 1), beválasztották a Nagy Román Nemzeti Tanácsba. Katonai ügyész (1918). Elnöke a régeni Petru Maior Gimn. -nak; a Régeni Nemzeti Tanács titkára; tagja a parlamenti választásokra létrehozott Központi Választási Bizottságnak (1919). A mv.-i Itélőtábla bírója, polgármester Mv.-en (1920–22) és a megyei tanács elnöke. Tevékenykedett a Néppártban (1919–32) és ennek szenátora (1920–22; 1926–27); alapító tagja a Gör. Kat. Tanítók Egyesületének. Az Erdélyi Kereskedelmi és Hitelbank igazgatósági tagja (1924). A szászrégeni Banca Mureşiana tulajdonosa és ig. tagja, tagja a Kereskedelmi és Iparkamarának (1925); tagja a megyei Antirevizionista Ligának; a Nemzeti Agrár Pártban (1932–35), a Nemzeti Keresztény Pártban (1935–38) vezetőségi tag. Emlékműveket állíttatott a román hősöknek Fületelkén, Hétbükkön és Kisnyulason (1935–37 k.). Kitűntetései: a román csillagrend tiszti keresztje (1922); Ipari és Kereskedelmi Érdemérem (1937). Közölt a Glasul poporului; Glasul Mureşului; Drum drept c. folyóiratokban. Szászrégenben emlékháza van és síremléke a szászrégeni ortodoxtemetőben (1953), „B” kategóriájú műemlék. – <strong>F. m.:</strong> Memoriu pentru menţinerea municipialităţii oraşului Tg. Mureş (Tg. Mureş, 1821); <strong>társsz.:</strong> Statutele Uniunei Oraşelor din România (Cluj, 1922). <br /><strong>Irod.:</strong> Bernády; Bíró Donát; Bosoancă; Dandea: Dare de seamă asupra Adunării Generale de constituire a Uniunii oraşelor din România (Cluj, 1922); Fărăgău; Fodor–Balás; Gazeta Reghinului (1996. jún. 1.); Időtár 2; Időtár 3; Jurnal de Mureş (1995. nr. 25); Ki kicsoda?; Netea: Astra; Ökrös; Pană; Politics and political parties in Roumania (London, 1936); Popa, Traian: Tg. M.; Predescu; Profiluri reghinene; Pusztai-Popovits József: Román kultúrélet a m. Erdélyben (Pécs, 1942); Regh. cult. 2.; Reghin, militari; Reghin şi împrejurimi; Szabó Ferenc: Erdély és a román kérdés (Mv., 1910); Valori mureşene de patrimoniu</br></p>

<p>Kisnyulas, 1872. ápr. 12., † Szászrégen, 1953. jan. 26.: ügyvéd, polgármester. – Apja is ügyvéd volt. – Balázsfalván végezte a középiskoláit, ahol érettségizett (1883–91). Fizetett gyakornok Mv.-en a Kir. Táblánál, ügyvédi diplomát és doktorátust Kv.-on szerzett. Régenben nyitott ügyvédi irodát (1900 k.). Mint megyei tanácstag részt vett a vm. ügyeinek intézésében. A Román Nemzeti Párt [&hellip;]</p>
