{"id":9697,"date":"2025-06-29T12:54:00","date_gmt":"2025-06-29T10:54:00","guid":{"rendered":"https:\/\/uj.adatbank.ro\/lexikon\/termek\/harsia-teodor-%c2%a7-harsia-teodor\/"},"modified":"2025-06-29T12:54:00","modified_gmt":"2025-06-29T10:54:00","slug":"harsia-teodor-%c2%a7-harsia-teodor","status":"publish","type":"product","link":"https:\/\/uj.adatbank.ro\/lexikon\/termek\/harsia-teodor-%c2%a7-harsia-teodor\/","title":{"rendered":"HAR\u015eIA Teodor, \u00a7 H\u0103r\u015fia Teodor"},"content":{"rendered":"<p>Magyarf\u00fclp\u00f6s, 1914. m\u00e1rc. 8., \u2020 Kv., 1987. m\u00e1rc. 18. A H\u00e1zsong\u00e1rdi temet\u0151ben nyugszik: fest\u0151m\u0171v\u00e9sz. \u2013 A Catul Bogdan vezette Sz\u00e9pm\u0171v\u00e9szeti Iskol\u00e1ban tanult Buc. \u2013 ben megszak\u00edt\u00e1sokkal (1929\u201332). A Gratz c\u00e9g rendel\u00e9s\u00e9re k\u00e9sz\u00edtett festm\u00e9nyeket (1931\u201344). Kv.-on a Ion Andreescu M\u0171v\u00e9szeti Int\u00e9zetben tanult (1948\u201353) \u00e9s lektor a f\u0151iskol\u00e1n (1950\u201376). Tanulm\u00e1ny\u00faton volt a Szovjet\u00fani\u00f3ban (1958\u201359). Els\u0151 egy\u00e9ni ki\u00e1ll\u00edt\u00e1sa Kv. (1935), majd rendszeresen r\u00e9szt vett a megyei \u00e9s \u00e1llami ki\u00e1ll\u00edt\u00e1sokon (1949\u2013). A K\u00e9pz\u0151m\u0171v\u00e9szek Sz\u00f6vets\u00e9g\u00e9nek tagja, a Vars\u00f3i Ifj\u00fas\u00e1gi Tal\u00e1lkoz\u00f3 kit\u0171ntetettje (1955). M\u0171vei f\u0151k\u00e9nt t\u00e1jk\u00e9pek \u00e9s kompozici\u00f3k a kv.-i, mv.-i, szebeni, buk.-i, d\u00e9vai k\u00e9pz\u0151m\u0171v\u00e9szeti m\u00fazeumokban vannak. \u2013 <strong>F. m.:<\/strong> Maj\u00e1lis, A vas\u00fati m\u0171helyekben, B\u00e9k\u00e1si munkatelep, \u00c1llamos\u00edt\u00e1s, \u00d6narck\u00e9p, Portr\u00e9; <strong>F. ki\u00e1ll.:<\/strong> egy\u00e9ni: Kv., 1935, 1948, 1953, 1962, 1983; Buk. (1975); Mv. (1975. okt., 1985, 1989); csoportos: Vars\u00f3 (1955); Moszkva (1958); Minszk, Belgr\u00e1d (1959); Pozsony, Pr\u00e1ga, Berlin, Kair\u00f3, Alexandria (1960); Sz\u00f3fia (1961); Titograd \/Podgornica (1968); Bp. (2000). <br \/><strong>Irod.:<\/strong> Clujeni ai sec. 20.; Expozitia de Art\u0103 Plastic\u0103 Ardeleana 1919\u20131939 (Cluj, 1939); F\u0103r\u0103g\u0103u; Fomade; H\u00e1zsong\u00e1rd; Herdean, Viorica: Expozi\u0163ia omagial\u0103 T. H. (St. r., 23. sept. 1989); Katona Szab\u00f3 Istv\u00e1n: Az \u00daj \u00c9let lexikona, 75. (\u00daj \u00c9let, 15. sz. 1973.); Kov\u00e1ts Iv\u00e1n: Sorok T. H. arck\u00e9p\u00e9hez. ( \u00daj \u00c9let, 10. sz., 1962); L\u0103ptoiu, Negoi\u0163\u0103: T. H. (Buc., 1980); Mv. t\u00f6rt. 2.; Pelin; Pusztai-Popovits J\u00f3zsef: Rom\u00e1n kult\u00far\u00e9let a m. Erd\u00e9lyben (P\u00e9cs, 1942); Simon Endre: T. H. k\u00e9peinek var\u00e1zsa (V. Z., 1985. \u00e1pr. 20.); Simon Endre: Mikl\u00f3ssy G\u00e1bor n\u00f6vend\u00e9kei (Bp., 2000); Todea 2013<\/br><\/p>\n","protected":false},"excerpt":{"rendered":"<p>Magyarf\u00fclp\u00f6s, 1914. m\u00e1rc. 8., \u2020 Kv., 1987. m\u00e1rc. 18. A H\u00e1zsong\u00e1rdi temet\u0151ben nyugszik: fest\u0151m\u0171v\u00e9sz. \u2013 A Catul Bogdan vezette Sz\u00e9pm\u0171v\u00e9szeti Iskol\u00e1ban tanult Buc. \u2013 ben megszak\u00edt\u00e1sokkal (1929\u201332). A Gratz c\u00e9g rendel\u00e9s\u00e9re k\u00e9sz\u00edtett festm\u00e9nyeket (1931\u201344). Kv.-on a Ion Andreescu M\u0171v\u00e9szeti Int\u00e9zetben tanult (1948\u201353) \u00e9s lektor a f\u0151iskol\u00e1n (1950\u201376). Tanulm\u00e1ny\u00faton volt a Szovjet\u00fani\u00f3ban (1958\u201359). Els\u0151 egy\u00e9ni ki\u00e1ll\u00edt\u00e1sa [&hellip;]<\/p>\n","protected":false},"featured_media":0,"comment_status":"open","ping_status":"closed","template":"","meta":[],"product_brand":[],"product_cat":[137],"product_tag":[],"class_list":{"0":"post-9697","1":"product","2":"type-product","3":"status-publish","5":"product_cat-maros-megyei-eletrajzi-lexikon","7":"first","8":"instock","9":"shipping-taxable","10":"product-type-simple"},"_links":{"self":[{"href":"https:\/\/uj.adatbank.ro\/lexikon\/wp-json\/wp\/v2\/product\/9697","targetHints":{"allow":["GET"]}}],"collection":[{"href":"https:\/\/uj.adatbank.ro\/lexikon\/wp-json\/wp\/v2\/product"}],"about":[{"href":"https:\/\/uj.adatbank.ro\/lexikon\/wp-json\/wp\/v2\/types\/product"}],"replies":[{"embeddable":true,"href":"https:\/\/uj.adatbank.ro\/lexikon\/wp-json\/wp\/v2\/comments?post=9697"}],"wp:attachment":[{"href":"https:\/\/uj.adatbank.ro\/lexikon\/wp-json\/wp\/v2\/media?parent=9697"}],"wp:term":[{"taxonomy":"product_brand","embeddable":true,"href":"https:\/\/uj.adatbank.ro\/lexikon\/wp-json\/wp\/v2\/product_brand?post=9697"},{"taxonomy":"product_cat","embeddable":true,"href":"https:\/\/uj.adatbank.ro\/lexikon\/wp-json\/wp\/v2\/product_cat?post=9697"},{"taxonomy":"product_tag","embeddable":true,"href":"https:\/\/uj.adatbank.ro\/lexikon\/wp-json\/wp\/v2\/product_tag?post=9697"}],"curies":[{"name":"wp","href":"https:\/\/api.w.org\/{rel}","templated":true}]}}

HARŞIA Teodor, § Hărşia Teodor

<p>Magyarfülpös, 1914. márc. 8., † Kv., 1987. márc. 18. A Házsongárdi temetőben nyugszik: festőművész. – A Catul Bogdan vezette Szépművészeti Iskolában tanult Buc. – ben megszakításokkal (1929–32). A Gratz cég rendelésére készített festményeket (1931–44). Kv.-on a Ion Andreescu Művészeti Intézetben tanult (1948–53) és lektor a főiskolán (1950–76). Tanulmányúton volt a Szovjetúnióban (1958–59). Első egyéni kiállítása Kv. (1935), majd rendszeresen részt vett a megyei és állami kiállításokon (1949–). A Képzőművészek Szövetségének tagja, a Varsói Ifjúsági Találkozó kitűntetettje (1955). Művei főként tájképek és kompoziciók a kv.-i, mv.-i, szebeni, buk.-i, dévai képzőművészeti múzeumokban vannak. – <strong>F. m.:</strong> Majális, A vasúti műhelyekben, Békási munkatelep, Államosítás, Önarckép, Portré; <strong>F. kiáll.:</strong> egyéni: Kv., 1935, 1948, 1953, 1962, 1983; Buk. (1975); Mv. (1975. okt., 1985, 1989); csoportos: Varsó (1955); Moszkva (1958); Minszk, Belgrád (1959); Pozsony, Prága, Berlin, Kairó, Alexandria (1960); Szófia (1961); Titograd /Podgornica (1968); Bp. (2000). <br /><strong>Irod.:</strong> Clujeni ai sec. 20.; Expozitia de Artă Plastică Ardeleana 1919–1939 (Cluj, 1939); Fărăgău; Fomade; Házsongárd; Herdean, Viorica: Expoziţia omagială T. H. (St. r., 23. sept. 1989); Katona Szabó István: Az Új Élet lexikona, 75. (Új Élet, 15. sz. 1973.); Kováts Iván: Sorok T. H. arcképéhez. ( Új Élet, 10. sz., 1962); Lăptoiu, Negoiţă: T. H. (Buc., 1980); Mv. tört. 2.; Pelin; Pusztai-Popovits József: Román kultúrélet a m. Erdélyben (Pécs, 1942); Simon Endre: T. H. képeinek varázsa (V. Z., 1985. ápr. 20.); Simon Endre: Miklóssy Gábor növendékei (Bp., 2000); Todea 2013</br></p>

<p>Magyarfülpös, 1914. márc. 8., † Kv., 1987. márc. 18. A Házsongárdi temetőben nyugszik: festőművész. – A Catul Bogdan vezette Szépművészeti Iskolában tanult Buc. – ben megszakításokkal (1929–32). A Gratz cég rendelésére készített festményeket (1931–44). Kv.-on a Ion Andreescu Művészeti Intézetben tanult (1948–53) és lektor a főiskolán (1950–76). Tanulmányúton volt a Szovjetúnióban (1958–59). Első egyéni kiállítása [&hellip;]</p>
