{"id":9699,"date":"2025-06-29T12:54:02","date_gmt":"2025-06-29T10:54:02","guid":{"rendered":"https:\/\/uj.adatbank.ro\/lexikon\/termek\/hartly-janos\/"},"modified":"2025-06-29T12:54:02","modified_gmt":"2025-06-29T10:54:02","slug":"hartly-janos","status":"publish","type":"product","link":"https:\/\/uj.adatbank.ro\/lexikon\/termek\/hartly-janos\/","title":{"rendered":"HARTLY J\u00e1nos"},"content":{"rendered":"<p>Mv., 1865., \u2020 Mv., 1945. okt. 18.: tan\u00edt\u00f3, iskolaigazgat\u00f3. \u2013 Id. H. J. (1821.? \u2013 1910. dec. 16.) 1848\u201349-es honv\u00e9d fia. Testv\u00e9rei: H. Lujza N\u00e1gel Ferencn\u00e9; R\u00f3za So\u00f3s S\u00e1mueln\u00e9; Kata Fridrik J\u00f3zsefn\u00e9; Anna Tancel Albertn\u00e9. Feles\u00e9ge: Vilman M\u00e1ria. ( \u2020 Mv., 1934. m\u00e1j. 13.) \u2013 Tanulm\u00e1nyait Mv.-en \u00e9s Kv.-on v\u00e9gezte, oklevelet nyert (1884). Tan\u00edt\u00f3 volt (1884-t\u0151l) Mv.-en az als\u00f3v\u00e1rosi k\u00f6zs\u00e9gi elemi iskol\u00e1ban, ahol iskolaigazgat\u00f3 is, majd iskolagondnok \u00e9s igazgat\u00f3, majd az iparostanonciskola rajzoktat\u00f3ja \u00e9s igazgat\u00f3ja. \u00c9nektan\u00edt\u00e1ssal is foglalkozott, a polg\u00e1ri fi\u00faiskola \u00e9nektan\u00edt\u00f3ja (1893\u2013), t\u00f6bb dalk\u00f6r megszervez\u00e9s\u00e9ben vett r\u00e9szt, egy id\u0151ben vezet\u0151je volt a Mv.-i Dalk\u00f6rnek. Sz\u00e1mos kult\u00far\u00e1lis egyes\u00fclet akt\u00edv tagja. A v\u00e1ros polg\u00e1rs\u00e1ga t\u00f6rv\u00e9nyhat\u00f3s\u00e1gi bizotts\u00e1gi tagg\u00e1 v\u00e1lasztotta (1900). Az \u0151 elgondol\u00e1s\u00e1ra indult ki a Sz\u00e9kely t\u00e1rsas\u00e1gokt\u00f3l a v\u00e1rosi elemi iskol\u00e1k \u00e1llamos\u00edt\u00e1sa ir\u00e1nti mozgalom. El\u0151k\u00e9sz\u00edtette a mv.-i k\u00f6zs\u00e9gi- \u00e1llami iskola\u00e9p\u00edt\u00e9si programot \u00e9s beterjesztette a v\u00e1rosi tan\u00e1csnak (1897, 1901), dr. Bern\u00e1dy \u00e9p\u00edkez\u00e9si terveibe foglalta \u00e9s meg\u00e9p\u00fclt a J\u00f3kai \/ mai Eminescu utcai \u00e1llami fi\u00faiskola, a Szent Gy\u00f6rgy t\u00e9ri le\u00e1nyiskola, a S\u00e1ndor J\u00e1nos \/ mai D\u00f3zsa Gy\u00f6rgy u. \u00e1llami elemi le\u00e1nyiskola (1906). A Szent Gy\u00f6rgy -t\u00e9ri le\u00e1nyiskola igazgat\u00f3ja lett nyugd\u00edjaz\u00e1s\u00e1ig (1906\u20131918, 1920\u201326. dec.) az \u00e1tv\u00e9teln\u00e9l, mint a v\u00e1ros megbizottja \u00e9s az \u00f6sszes iskol\u00e1k igazgat\u00f3ja m\u0171k\u00f6d\u00f6tt. Nev\u00e9hez f\u0171z\u0151dik az \u00f6sszes iskola felszerel\u00e9se \u00e9s megnyit\u00e1sa. A MT megyei \u00c1ltal\u00e1nos Tan\u00edt\u00f3test\u00fclet vezet\u0151s\u00e9gi tagja, aljegyz\u0151je, p\u00e9nzt\u00e1rosa (1893\u2013). A Szeg\u00e9ny Tanul\u00f3kat Seg\u00e9lyez\u0151 Egyes\u00fclet egyik vezet\u0151 munkat\u00e1rsa, p\u00e9nzt\u00e1rosa. A mv.-i R. k. Pl\u00e9b\u00e1niatemplom egyh\u00e1zk\u00f6zs\u00e9g tan\u00e1cs\u00e1nak tagja. A Temetkez\u00e9si Nagyegyletben fel\u00fcgyel\u0151bizotts\u00e1gi tag (1903\u2013), majd eln\u00f6k. A Mv.-i Kaszin\u00f3 vezet\u0151s\u00e9gi tagja, k\u00f6nyvt\u00e1rosa (1927\u201331), titk\u00e1r (1930\u2013). \u2013 <strong>F. m.:<\/strong> <strong>antol\u00f3g.:<\/strong> Eml\u00e9kk\u00f6nyv a MT megyei \u00c1ltal\u00e1nos Tan\u00edt\u00f3test\u00fclet 25 \u00e9ves jubileuma alkalm\u00e1b\u00f3l (Bp., 1903). <br \/><strong>Irod.:<\/strong> Bern\u00e1dy; Bi\u00e1s Istv\u00e1n; Eml\u00e9kk\u00f6nyv; Gy\u00e1szjelent\u0151; Nemes; \u00d6kr\u00f6s; Standavid-Tam\u00e1si; A Szentistv\u00e1n T\u00e1rsulat tagjainak n\u00e9vsora (Bp., 1898), Sz\u00e9kelyf\u00f6ld \u00ed. k.<\/br><\/p>\n","protected":false},"excerpt":{"rendered":"<p>Mv., 1865., \u2020 Mv., 1945. okt. 18.: tan\u00edt\u00f3, iskolaigazgat\u00f3. \u2013 Id. H. J. (1821.? \u2013 1910. dec. 16.) 1848\u201349-es honv\u00e9d fia. Testv\u00e9rei: H. Lujza N\u00e1gel Ferencn\u00e9; R\u00f3za So\u00f3s S\u00e1mueln\u00e9; Kata Fridrik J\u00f3zsefn\u00e9; Anna Tancel Albertn\u00e9. Feles\u00e9ge: Vilman M\u00e1ria. ( \u2020 Mv., 1934. m\u00e1j. 13.) \u2013 Tanulm\u00e1nyait Mv.-en \u00e9s Kv.-on v\u00e9gezte, oklevelet nyert (1884). Tan\u00edt\u00f3 volt [&hellip;]<\/p>\n","protected":false},"featured_media":0,"comment_status":"open","ping_status":"closed","template":"","meta":[],"product_brand":[],"product_cat":[137],"product_tag":[],"class_list":{"0":"post-9699","1":"product","2":"type-product","3":"status-publish","5":"product_cat-maros-megyei-eletrajzi-lexikon","7":"first","8":"instock","9":"shipping-taxable","10":"product-type-simple"},"_links":{"self":[{"href":"https:\/\/uj.adatbank.ro\/lexikon\/wp-json\/wp\/v2\/product\/9699","targetHints":{"allow":["GET"]}}],"collection":[{"href":"https:\/\/uj.adatbank.ro\/lexikon\/wp-json\/wp\/v2\/product"}],"about":[{"href":"https:\/\/uj.adatbank.ro\/lexikon\/wp-json\/wp\/v2\/types\/product"}],"replies":[{"embeddable":true,"href":"https:\/\/uj.adatbank.ro\/lexikon\/wp-json\/wp\/v2\/comments?post=9699"}],"wp:attachment":[{"href":"https:\/\/uj.adatbank.ro\/lexikon\/wp-json\/wp\/v2\/media?parent=9699"}],"wp:term":[{"taxonomy":"product_brand","embeddable":true,"href":"https:\/\/uj.adatbank.ro\/lexikon\/wp-json\/wp\/v2\/product_brand?post=9699"},{"taxonomy":"product_cat","embeddable":true,"href":"https:\/\/uj.adatbank.ro\/lexikon\/wp-json\/wp\/v2\/product_cat?post=9699"},{"taxonomy":"product_tag","embeddable":true,"href":"https:\/\/uj.adatbank.ro\/lexikon\/wp-json\/wp\/v2\/product_tag?post=9699"}],"curies":[{"name":"wp","href":"https:\/\/api.w.org\/{rel}","templated":true}]}}

HARTLY János

<p>Mv., 1865., † Mv., 1945. okt. 18.: tanító, iskolaigazgató. – Id. H. J. (1821.? – 1910. dec. 16.) 1848–49-es honvéd fia. Testvérei: H. Lujza Nágel Ferencné; Róza Soós Sámuelné; Kata Fridrik Józsefné; Anna Tancel Albertné. Felesége: Vilman Mária. ( † Mv., 1934. máj. 13.) – Tanulmányait Mv.-en és Kv.-on végezte, oklevelet nyert (1884). Tanító volt (1884-től) Mv.-en az alsóvárosi községi elemi iskolában, ahol iskolaigazgató is, majd iskolagondnok és igazgató, majd az iparostanonciskola rajzoktatója és igazgatója. Énektanítással is foglalkozott, a polgári fiúiskola énektanítója (1893–), több dalkör megszervezésében vett részt, egy időben vezetője volt a Mv.-i Dalkörnek. Számos kultúrális egyesület aktív tagja. A város polgársága törvényhatósági bizottsági taggá választotta (1900). Az ő elgondolására indult ki a Székely társaságoktól a városi elemi iskolák államosítása iránti mozgalom. Előkészítette a mv.-i községi- állami iskolaépítési programot és beterjesztette a városi tanácsnak (1897, 1901), dr. Bernády épíkezési terveibe foglalta és megépült a Jókai / mai Eminescu utcai állami fiúiskola, a Szent György téri leányiskola, a Sándor János / mai Dózsa György u. állami elemi leányiskola (1906). A Szent György -téri leányiskola igazgatója lett nyugdíjazásáig (1906–1918, 1920–26. dec.) az átvételnél, mint a város megbizottja és az összes iskolák igazgatója működött. Nevéhez fűződik az összes iskola felszerelése és megnyitása. A MT megyei Általános Tanítótestület vezetőségi tagja, aljegyzője, pénztárosa (1893–). A Szegény Tanulókat Segélyező Egyesület egyik vezető munkatársa, pénztárosa. A mv.-i R. k. Plébániatemplom egyházközség tanácsának tagja. A Temetkezési Nagyegyletben felügyelőbizottsági tag (1903–), majd elnök. A Mv.-i Kaszinó vezetőségi tagja, könyvtárosa (1927–31), titkár (1930–). – <strong>F. m.:</strong> <strong>antológ.:</strong> Emlékkönyv a MT megyei Általános Tanítótestület 25 éves jubileuma alkalmából (Bp., 1903). <br /><strong>Irod.:</strong> Bernády; Biás István; Emlékkönyv; Gyászjelentő; Nemes; Ökrös; Standavid-Tamási; A Szentistván Társulat tagjainak névsora (Bp., 1898), Székelyföld í. k.</br></p>

<p>Mv., 1865., † Mv., 1945. okt. 18.: tanító, iskolaigazgató. – Id. H. J. (1821.? – 1910. dec. 16.) 1848–49-es honvéd fia. Testvérei: H. Lujza Nágel Ferencné; Róza Soós Sámuelné; Kata Fridrik Józsefné; Anna Tancel Albertné. Felesége: Vilman Mária. ( † Mv., 1934. máj. 13.) – Tanulmányait Mv.-en és Kv.-on végezte, oklevelet nyert (1884). Tanító volt [&hellip;]</p>
