{"id":9703,"date":"2025-06-29T12:54:10","date_gmt":"2025-06-29T10:54:10","guid":{"rendered":"https:\/\/uj.adatbank.ro\/lexikon\/termek\/hartmann-rudolf\/"},"modified":"2025-06-29T12:54:10","modified_gmt":"2025-06-29T10:54:10","slug":"hartmann-rudolf","status":"publish","type":"product","link":"https:\/\/uj.adatbank.ro\/lexikon\/termek\/hartmann-rudolf\/","title":{"rendered":"HARTMANN Rudolf"},"content":{"rendered":"<p>? \u2020\u00a0? : ev lelk\u00e9sz. \u2013 Sz\u00e1szr\u00e9genben lelk\u00e9sz, akit a II. vh. v\u00e9g\u00e9n a r\u00e9geni l\u00e1gerbe hurcoltak, majd kiszabadul\u00e1sa ut\u00e1n az Ev. Egyh\u00e1z Tan\u00e1csa megb\u00edzta az elhagyott, vagy \u00e1rv\u00e1n maradt sz\u00e1sz gyermekek sz\u00e1m\u00e1ra, a parochia \u00e9p\u00fclet\u00e9ben l\u00e9tes\u00edtett intern\u00e1tus vezet\u00e9s\u00e9vel (1945\u201346). Ugyanott v\u00e9gezte az \u00f6sszegy\u0171jt\u00f6tt 77 gyermek oktat\u00e1s\u00e1t is, roppant mostoha k\u00f6r\u00fclm\u00e9nyek k\u00f6z\u00f6tt (csup\u00e1n k\u00e9t terem \u00e1llt rendelkez\u00e9s\u00fckre minden tev\u00e9kenys\u00e9gre). <br \/><strong>Irod.:<\/strong> Ganesch<\/br><\/p>\n","protected":false},"excerpt":{"rendered":"<p>? \u2020\u00a0? : ev lelk\u00e9sz. \u2013 Sz\u00e1szr\u00e9genben lelk\u00e9sz, akit a II. vh. v\u00e9g\u00e9n a r\u00e9geni l\u00e1gerbe hurcoltak, majd kiszabadul\u00e1sa ut\u00e1n az Ev. Egyh\u00e1z Tan\u00e1csa megb\u00edzta az elhagyott, vagy \u00e1rv\u00e1n maradt sz\u00e1sz gyermekek sz\u00e1m\u00e1ra, a parochia \u00e9p\u00fclet\u00e9ben l\u00e9tes\u00edtett intern\u00e1tus vezet\u00e9s\u00e9vel (1945\u201346). Ugyanott v\u00e9gezte az \u00f6sszegy\u0171jt\u00f6tt 77 gyermek oktat\u00e1s\u00e1t is, roppant mostoha k\u00f6r\u00fclm\u00e9nyek k\u00f6z\u00f6tt (csup\u00e1n k\u00e9t terem [&hellip;]<\/p>\n","protected":false},"featured_media":0,"comment_status":"open","ping_status":"closed","template":"","meta":[],"product_brand":[],"product_cat":[137],"product_tag":[],"class_list":{"0":"post-9703","1":"product","2":"type-product","3":"status-publish","5":"product_cat-maros-megyei-eletrajzi-lexikon","7":"first","8":"instock","9":"shipping-taxable","10":"product-type-simple"},"_links":{"self":[{"href":"https:\/\/uj.adatbank.ro\/lexikon\/wp-json\/wp\/v2\/product\/9703","targetHints":{"allow":["GET"]}}],"collection":[{"href":"https:\/\/uj.adatbank.ro\/lexikon\/wp-json\/wp\/v2\/product"}],"about":[{"href":"https:\/\/uj.adatbank.ro\/lexikon\/wp-json\/wp\/v2\/types\/product"}],"replies":[{"embeddable":true,"href":"https:\/\/uj.adatbank.ro\/lexikon\/wp-json\/wp\/v2\/comments?post=9703"}],"wp:attachment":[{"href":"https:\/\/uj.adatbank.ro\/lexikon\/wp-json\/wp\/v2\/media?parent=9703"}],"wp:term":[{"taxonomy":"product_brand","embeddable":true,"href":"https:\/\/uj.adatbank.ro\/lexikon\/wp-json\/wp\/v2\/product_brand?post=9703"},{"taxonomy":"product_cat","embeddable":true,"href":"https:\/\/uj.adatbank.ro\/lexikon\/wp-json\/wp\/v2\/product_cat?post=9703"},{"taxonomy":"product_tag","embeddable":true,"href":"https:\/\/uj.adatbank.ro\/lexikon\/wp-json\/wp\/v2\/product_tag?post=9703"}],"curies":[{"name":"wp","href":"https:\/\/api.w.org\/{rel}","templated":true}]}}

<p>? † ? : ev lelkész. – Szászrégenben lelkész, akit a II. vh. végén a régeni lágerbe hurcoltak, majd kiszabadulása után az Ev. Egyház Tanácsa megbízta az elhagyott, vagy árván maradt szász gyermekek számára, a parochia épületében létesített internátus vezetésével (1945–46). Ugyanott végezte az összegyűjtött 77 gyermek oktatását is, roppant mostoha körülmények között (csupán két terem állt rendelkezésükre minden tevékenységre). <br /><strong>Irod.:</strong> Ganesch</br></p>

<p>? † ? : ev lelkész. – Szászrégenben lelkész, akit a II. vh. végén a régeni lágerbe hurcoltak, majd kiszabadulása után az Ev. Egyház Tanácsa megbízta az elhagyott, vagy árván maradt szász gyermekek számára, a parochia épületében létesített internátus vezetésével (1945–46). Ugyanott végezte az összegyűjtött 77 gyermek oktatását is, roppant mostoha körülmények között (csupán két terem [&hellip;]</p>
