{"id":9704,"date":"2025-06-29T12:54:13","date_gmt":"2025-06-29T10:54:13","guid":{"rendered":"https:\/\/uj.adatbank.ro\/lexikon\/termek\/hartmann-simon\/"},"modified":"2025-06-29T12:54:13","modified_gmt":"2025-06-29T10:54:13","slug":"hartmann-simon","status":"publish","type":"product","link":"https:\/\/uj.adatbank.ro\/lexikon\/termek\/hartmann-simon\/","title":{"rendered":"HARTMANN Simon"},"content":{"rendered":"<p>? \u2020\u00a0? : tan\u00e1r. \u2013 A segesv\u00e1ri sz\u00e1sz gimn. rektora (1615- ? ). Rektors\u00e1ga idej\u00e9ben \u00e9p\u00edtettek a m\u00e1r meglev\u0151 r\u00e9gi gimn.-i \u00e9p\u00fclethez m\u00e9g egy \u00faj sz\u00e1rnyat (1619). Elk\u00e9sz\u00edtette a gimn. els\u0151 m\u0171k\u0151d\u00e9si szab\u00e1lyzat\u00e1t, amely a r\u00e9gi latin iskol\u00e1t val\u00f3j\u00e1ban korszer\u0171 gimn. -m\u00e1 alak\u00edtotta (1620). Meghat\u00e1rozta az iskola c\u00e9ljait, a taner\u0151k \u00e9s tanul\u00f3k jogait \u00e9s k\u00f6teless\u00e9geit, szervez\u00e9si k\u00e9rd\u00e9seket. Ez \u00fatt\u00f6r\u0151 munka volt, mert Honterus idej\u00e9ben m\u00e1s sz\u00e1sz iskola nem rendelkezett ilyen m\u00e9lyrehat\u00f3 humanista reformokkal. Hat\u00e1sa a 18. sz.-ig kisug\u00e1rzott. <br \/><strong>Irod.:<\/strong> Sighi\u015foara<\/br><\/p>\n","protected":false},"excerpt":{"rendered":"<p>? \u2020\u00a0? : tan\u00e1r. \u2013 A segesv\u00e1ri sz\u00e1sz gimn. rektora (1615- ? ). Rektors\u00e1ga idej\u00e9ben \u00e9p\u00edtettek a m\u00e1r meglev\u0151 r\u00e9gi gimn.-i \u00e9p\u00fclethez m\u00e9g egy \u00faj sz\u00e1rnyat (1619). Elk\u00e9sz\u00edtette a gimn. els\u0151 m\u0171k\u0151d\u00e9si szab\u00e1lyzat\u00e1t, amely a r\u00e9gi latin iskol\u00e1t val\u00f3j\u00e1ban korszer\u0171 gimn. -m\u00e1 alak\u00edtotta (1620). Meghat\u00e1rozta az iskola c\u00e9ljait, a taner\u0151k \u00e9s tanul\u00f3k jogait \u00e9s k\u00f6teless\u00e9geit, [&hellip;]<\/p>\n","protected":false},"featured_media":0,"comment_status":"open","ping_status":"closed","template":"","meta":[],"product_brand":[],"product_cat":[137],"product_tag":[],"class_list":{"0":"post-9704","1":"product","2":"type-product","3":"status-publish","5":"product_cat-maros-megyei-eletrajzi-lexikon","7":"first","8":"instock","9":"shipping-taxable","10":"product-type-simple"},"_links":{"self":[{"href":"https:\/\/uj.adatbank.ro\/lexikon\/wp-json\/wp\/v2\/product\/9704","targetHints":{"allow":["GET"]}}],"collection":[{"href":"https:\/\/uj.adatbank.ro\/lexikon\/wp-json\/wp\/v2\/product"}],"about":[{"href":"https:\/\/uj.adatbank.ro\/lexikon\/wp-json\/wp\/v2\/types\/product"}],"replies":[{"embeddable":true,"href":"https:\/\/uj.adatbank.ro\/lexikon\/wp-json\/wp\/v2\/comments?post=9704"}],"wp:attachment":[{"href":"https:\/\/uj.adatbank.ro\/lexikon\/wp-json\/wp\/v2\/media?parent=9704"}],"wp:term":[{"taxonomy":"product_brand","embeddable":true,"href":"https:\/\/uj.adatbank.ro\/lexikon\/wp-json\/wp\/v2\/product_brand?post=9704"},{"taxonomy":"product_cat","embeddable":true,"href":"https:\/\/uj.adatbank.ro\/lexikon\/wp-json\/wp\/v2\/product_cat?post=9704"},{"taxonomy":"product_tag","embeddable":true,"href":"https:\/\/uj.adatbank.ro\/lexikon\/wp-json\/wp\/v2\/product_tag?post=9704"}],"curies":[{"name":"wp","href":"https:\/\/api.w.org\/{rel}","templated":true}]}}

<p>? † ? : tanár. – A segesvári szász gimn. rektora (1615- ? ). Rektorsága idejében építettek a már meglevő régi gimn.-i épülethez még egy új szárnyat (1619). Elkészítette a gimn. első műkődési szabályzatát, amely a régi latin iskolát valójában korszerű gimn. -má alakította (1620). Meghatározta az iskola céljait, a tanerők és tanulók jogait és kötelességeit, szervezési kérdéseket. Ez úttörő munka volt, mert Honterus idejében más szász iskola nem rendelkezett ilyen mélyreható humanista reformokkal. Hatása a 18. sz.-ig kisugárzott. <br /><strong>Irod.:</strong> Sighişoara</br></p>

<p>? † ? : tanár. – A segesvári szász gimn. rektora (1615- ? ). Rektorsága idejében építettek a már meglevő régi gimn.-i épülethez még egy új szárnyat (1619). Elkészítette a gimn. első műkődési szabályzatát, amely a régi latin iskolát valójában korszerű gimn. -má alakította (1620). Meghatározta az iskola céljait, a tanerők és tanulók jogait és kötelességeit, [&hellip;]</p>
