{"id":9709,"date":"2025-06-29T12:54:23","date_gmt":"2025-06-29T10:54:23","guid":{"rendered":"https:\/\/uj.adatbank.ro\/lexikon\/termek\/hary-lajos\/"},"modified":"2025-06-29T12:54:23","modified_gmt":"2025-06-29T10:54:23","slug":"hary-lajos","status":"publish","type":"product","link":"https:\/\/uj.adatbank.ro\/lexikon\/termek\/hary-lajos\/","title":{"rendered":"H\u00c1RY Lajos"},"content":{"rendered":"<p>Bp., 1914. nov. 10., \u2020 Mv., 1962. j\u00fan, 11.: d\u00edszlettervez\u0151. \u2013 A mv-i \u00c1llami Sz\u00e9kely Sz\u00ednh\u00e1znak alap\u00edt\u00e1s\u00e1t\u00f3l kezdve tagja volt (1946\u20131962). Hossz\u00fa \u00e9vekig j\u00f3form\u00e1n senki sem tervezett d\u00edszletet rajta k\u00edv\u00fcl a mv.-i Sz\u00e9kely Sz\u00ednh\u00e1zban. 138 darab d\u00edszlet\u00e9t tervezte (1946\u201362). Eg\u00e9sz sor d\u00edszletmegold\u00e1sa a maga idej\u00e9n a legmagasabb sz\u00ednvonalat k\u00e9pviselte. Nagy er\u00e9nye hogy k\u00e9pes volt a Kult\u00farpalota nagyon sz\u00e9les de m\u00e9lys\u00e9g n\u00e9lk\u00fcli ter\u00e9t a legv\u00e1ltozatosabb m\u00f3don kihaszn\u00e1lni. J\u00f3 \u00e9rz\u00e9kkel \u00f3vakodott a t\u00falzott r\u00e9szletez\u00e9st\u0151l, sikerrel ker\u00fclte el a sz\u00fcrkes\u00e9get \u00e9s az egyformas\u00e1got. \u2013 <strong>F. t.:<\/strong>: Leh\u00e1r Ferenc: A mosoly orsz\u00e1ga (1946); B\u00e9keffy Istv\u00e1n: Es\u0151 ut\u00e1n k\u00f6penyeg; Zilahy Lajos: Hazaj\u00e1r\u00f3 l\u00e9lek; Szirmai Albert: M\u00e9zeskal\u00e1cs; Farkas Imre: Igl\u00f3i di\u00e1kok; K\u00e1lm\u00e1n: A cs\u00e1rd\u00e1skir\u00e1lyn\u0151; Strauss: A cig\u00e1nyb\u00e1r\u00f3, Machiavelli: Mandragora (1946); Heltai J.: A n\u00e9ma levente; Katona J.: B\u00e1nk b\u00e1n (1947); Gorkij: \u00c9jjeli mened\u00e9khely; Steinbeck: Egerek \u00e9s emberek; Ben Johnson: Wolpone (1948); Miksz\u00e1th: K\u00fcl\u00f6n\u00f6s h\u00e1zass\u00e1g; Gorkij: Jegor Bulicsov \u00e9s a t\u00f6bbiek; Kispolg\u00e1rok, Moliere: Tartuffe; M\u00f3ricz: \u00dari muri (1949); Csehov: Sir\u00e1ly (1951); Csiky: Ingyen\u00e9l\u0151k (1953); Illy\u00e9s Gyula: F\u00e1klyal\u00e1ng (1954); Br\u00f3dy: A tan\u00edt\u00f3n\u0151 (1956); Machiavelli: Mandragora (1956), Shaw: Warenn\u00e9 mesters\u00e9ge\u0142, K\u00f3s K\u00e1roly: Budai Nagy Antal (1957); R. Nash: Az es\u0151hoz\u00f3 ember; Shakespeare: A makrancos h\u00f6lgy (1958); Visnyevszkij: Optimista trag\u00e9dia (1959); Rostand: Cyrano de Bergerac (1960), F. Wolf: Mamlock professzor; Garcia Lorca: Bernarda Alba h\u00e1za (1961); S\u00fct\u0151: T\u00e9kozl\u00f3 szerelem (1962); Otcenasek: Romeo J\u00falia \u00e9s a s\u00f6t\u00e9ts\u00e9g (1962). <br \/><strong>Irod.:<\/strong> Chereji Peris; H. L. [Nekrolog] (V. Z., 1962. j\u00fan. 12.); A H\u00e9t \u00e9vk. (1982); Id\u0151t\u00e1r 4.; K\u00e1ntor-K\u00f6t\u0151; Kov\u00e1cs Levente; RMIL<\/br><\/p>\n","protected":false},"excerpt":{"rendered":"<p>Bp., 1914. nov. 10., \u2020 Mv., 1962. j\u00fan, 11.: d\u00edszlettervez\u0151. \u2013 A mv-i \u00c1llami Sz\u00e9kely Sz\u00ednh\u00e1znak alap\u00edt\u00e1s\u00e1t\u00f3l kezdve tagja volt (1946\u20131962). Hossz\u00fa \u00e9vekig j\u00f3form\u00e1n senki sem tervezett d\u00edszletet rajta k\u00edv\u00fcl a mv.-i Sz\u00e9kely Sz\u00ednh\u00e1zban. 138 darab d\u00edszlet\u00e9t tervezte (1946\u201362). Eg\u00e9sz sor d\u00edszletmegold\u00e1sa a maga idej\u00e9n a legmagasabb sz\u00ednvonalat k\u00e9pviselte. Nagy er\u00e9nye hogy k\u00e9pes volt a [&hellip;]<\/p>\n","protected":false},"featured_media":0,"comment_status":"open","ping_status":"closed","template":"","meta":[],"product_brand":[],"product_cat":[137],"product_tag":[],"class_list":{"0":"post-9709","1":"product","2":"type-product","3":"status-publish","5":"product_cat-maros-megyei-eletrajzi-lexikon","7":"first","8":"instock","9":"shipping-taxable","10":"product-type-simple"},"_links":{"self":[{"href":"https:\/\/uj.adatbank.ro\/lexikon\/wp-json\/wp\/v2\/product\/9709","targetHints":{"allow":["GET"]}}],"collection":[{"href":"https:\/\/uj.adatbank.ro\/lexikon\/wp-json\/wp\/v2\/product"}],"about":[{"href":"https:\/\/uj.adatbank.ro\/lexikon\/wp-json\/wp\/v2\/types\/product"}],"replies":[{"embeddable":true,"href":"https:\/\/uj.adatbank.ro\/lexikon\/wp-json\/wp\/v2\/comments?post=9709"}],"wp:attachment":[{"href":"https:\/\/uj.adatbank.ro\/lexikon\/wp-json\/wp\/v2\/media?parent=9709"}],"wp:term":[{"taxonomy":"product_brand","embeddable":true,"href":"https:\/\/uj.adatbank.ro\/lexikon\/wp-json\/wp\/v2\/product_brand?post=9709"},{"taxonomy":"product_cat","embeddable":true,"href":"https:\/\/uj.adatbank.ro\/lexikon\/wp-json\/wp\/v2\/product_cat?post=9709"},{"taxonomy":"product_tag","embeddable":true,"href":"https:\/\/uj.adatbank.ro\/lexikon\/wp-json\/wp\/v2\/product_tag?post=9709"}],"curies":[{"name":"wp","href":"https:\/\/api.w.org\/{rel}","templated":true}]}}