{"id":9710,"date":"2025-06-29T12:54:24","date_gmt":"2025-06-29T10:54:24","guid":{"rendered":"https:\/\/uj.adatbank.ro\/lexikon\/termek\/hary-zsuzsa-adamovitsne\/"},"modified":"2025-06-29T12:54:24","modified_gmt":"2025-06-29T10:54:24","slug":"hary-zsuzsa-adamovitsne","status":"publish","type":"product","link":"https:\/\/uj.adatbank.ro\/lexikon\/termek\/hary-zsuzsa-adamovitsne\/","title":{"rendered":"HARY Zsuzsa, \u00c1d\u00e1movitsn\u00e9"},"content":{"rendered":"<p>Top\u00e1nfalva, 1924. m\u00e1j. 24., \u2020\u00a0Mv., 1974. m\u00e1j. 15.: gy\u00f3gyszer\u00e9sz. \u2013 Apja: Hary S\u00e1ndor (Kv., 1888. dec. 2. -?) gy\u00f3gyszer\u00e9sz. \u2013 K\u00f6z\u00e9piskol\u00e1it Kv. -on, majd Temesv\u00e1ron v\u00e9gezte \u00e9s \u00e9retts\u00e9gizett (1943). Kv.-on a Term\u00e9szettudom\u00e1nyi Kar hallgat\u00f3ja (1943\u201345), Mv.-en folytatta \u00e9s gy\u00f3gyszer\u00e9sz diplom\u00e1t kapott (1951). Dolgozott Gernyeszegen a tbc prevent\u00f3rium gy\u00f3gyszert\u00e1r\u00e1ban, Mv.-en az 1. sz. klinika gy\u00f3gyszert\u00e1r\u00e1ban (1953\u2013), amelynek vezet\u0151je hal\u00e1l\u00e1ig (1955\u201374). <br \/><strong>Irod.:<\/strong> P\u00e9ter H. M.; P\u00e9ter H. M. 2013<\/br><\/p>\n","protected":false},"excerpt":{"rendered":"<p>Top\u00e1nfalva, 1924. m\u00e1j. 24., \u2020\u00a0Mv., 1974. m\u00e1j. 15.: gy\u00f3gyszer\u00e9sz. \u2013 Apja: Hary S\u00e1ndor (Kv., 1888. dec. 2. -?) gy\u00f3gyszer\u00e9sz. \u2013 K\u00f6z\u00e9piskol\u00e1it Kv. -on, majd Temesv\u00e1ron v\u00e9gezte \u00e9s \u00e9retts\u00e9gizett (1943). Kv.-on a Term\u00e9szettudom\u00e1nyi Kar hallgat\u00f3ja (1943\u201345), Mv.-en folytatta \u00e9s gy\u00f3gyszer\u00e9sz diplom\u00e1t kapott (1951). Dolgozott Gernyeszegen a tbc prevent\u00f3rium gy\u00f3gyszert\u00e1r\u00e1ban, Mv.-en az 1. sz. klinika gy\u00f3gyszert\u00e1r\u00e1ban (1953\u2013), [&hellip;]<\/p>\n","protected":false},"featured_media":0,"comment_status":"open","ping_status":"closed","template":"","meta":[],"product_brand":[],"product_cat":[137],"product_tag":[],"class_list":{"0":"post-9710","1":"product","2":"type-product","3":"status-publish","5":"product_cat-maros-megyei-eletrajzi-lexikon","7":"first","8":"instock","9":"shipping-taxable","10":"product-type-simple"},"_links":{"self":[{"href":"https:\/\/uj.adatbank.ro\/lexikon\/wp-json\/wp\/v2\/product\/9710","targetHints":{"allow":["GET"]}}],"collection":[{"href":"https:\/\/uj.adatbank.ro\/lexikon\/wp-json\/wp\/v2\/product"}],"about":[{"href":"https:\/\/uj.adatbank.ro\/lexikon\/wp-json\/wp\/v2\/types\/product"}],"replies":[{"embeddable":true,"href":"https:\/\/uj.adatbank.ro\/lexikon\/wp-json\/wp\/v2\/comments?post=9710"}],"wp:attachment":[{"href":"https:\/\/uj.adatbank.ro\/lexikon\/wp-json\/wp\/v2\/media?parent=9710"}],"wp:term":[{"taxonomy":"product_brand","embeddable":true,"href":"https:\/\/uj.adatbank.ro\/lexikon\/wp-json\/wp\/v2\/product_brand?post=9710"},{"taxonomy":"product_cat","embeddable":true,"href":"https:\/\/uj.adatbank.ro\/lexikon\/wp-json\/wp\/v2\/product_cat?post=9710"},{"taxonomy":"product_tag","embeddable":true,"href":"https:\/\/uj.adatbank.ro\/lexikon\/wp-json\/wp\/v2\/product_tag?post=9710"}],"curies":[{"name":"wp","href":"https:\/\/api.w.org\/{rel}","templated":true}]}}

HARY Zsuzsa, Ádámovitsné

<p>Topánfalva, 1924. máj. 24., † Mv., 1974. máj. 15.: gyógyszerész. – Apja: Hary Sándor (Kv., 1888. dec. 2. -?) gyógyszerész. – Középiskoláit Kv. -on, majd Temesváron végezte és érettségizett (1943). Kv.-on a Természettudományi Kar hallgatója (1943–45), Mv.-en folytatta és gyógyszerész diplomát kapott (1951). Dolgozott Gernyeszegen a tbc preventórium gyógyszertárában, Mv.-en az 1. sz. klinika gyógyszertárában (1953–), amelynek vezetője haláláig (1955–74). <br /><strong>Irod.:</strong> Péter H. M.; Péter H. M. 2013</br></p>

<p>Topánfalva, 1924. máj. 24., † Mv., 1974. máj. 15.: gyógyszerész. – Apja: Hary Sándor (Kv., 1888. dec. 2. -?) gyógyszerész. – Középiskoláit Kv. -on, majd Temesváron végezte és érettségizett (1943). Kv.-on a Természettudományi Kar hallgatója (1943–45), Mv.-en folytatta és gyógyszerész diplomát kapott (1951). Dolgozott Gernyeszegen a tbc preventórium gyógyszertárában, Mv.-en az 1. sz. klinika gyógyszertárában (1953–), [&hellip;]</p>
