{"id":9712,"date":"2025-06-29T12:54:30","date_gmt":"2025-06-29T10:54:30","guid":{"rendered":"https:\/\/uj.adatbank.ro\/lexikon\/termek\/hatala-peter-zboroi\/"},"modified":"2025-06-29T12:54:30","modified_gmt":"2025-06-29T10:54:30","slug":"hatala-peter-zboroi","status":"publish","type":"product","link":"https:\/\/uj.adatbank.ro\/lexikon\/termek\/hatala-peter-zboroi\/","title":{"rendered":"HATALA P\u00e9ter, zbor\u00f3i"},"content":{"rendered":"<p>T\u00f3tmegyer, 1832. febr. 17., \u2020 Mv., 1918. febr. 12.: teol\u00f3gus, honv\u00e9d, egyetemi tan\u00e1r, orientalista, nyelv\u00e9sz, \u00edr\u00f3. \u2013 Feles\u00e9ge: fektor\u00f3czi Fektor Ter\u00e9zia. Gyermekeik: Gy\u00f6rgyike dr. kib\u00e9di Madaras J\u00f3zsefn\u00e9; Hajnalka; P\u00e9ter, feles\u00e9ge fogarasi Pap M\u00e1ria. \u2013 A gimn. -ot Szombathelyen a fels\u0151bb oszt\u00e1lyokat \u00e9s a b\u00f6lcseletet Pesten hallgatta. A szabads\u00e1gharc alatt, mint t\u00fcz\u00e9r szolg\u00e1lt, Vil\u00e1gos ut\u00e1n fogs\u00e1gba esett ahonnan szabadulva a papi p\u00e1ly\u00e1t v\u00e1lasztotta: a pesti egyetem teol\u00f3giai kar\u00e1n tanult, \u00e1ldoz\u00f3 papp\u00e1 szentelt\u00e9k (1855); n\u00e9h\u00e1ny \u00e9vig k\u00e1pl\u00e1n Nyerges\u00fajfalun, H\u00e9derv\u00e1rott. A hit \u00e9s b\u00f6lcs\u00e9szet tudom\u00e1ny doktora (1856). Mint hitt\u00e9r\u00edt\u0151 j\u00e1rt Palesztin\u00e1ban (1857\u201360); hazat\u00e9rve tan\u00e1r az esztergomi papnevel\u0151 int\u00e9zetben (1861\u2013); a Bp.-i m. kir. Tudom\u00e1ny Egyetemen a s\u00e9mi nyelvek tan\u00e1ra (1866\u2013), rektora (1872\u201373); a vatik\u00e1ni egyetemes zsinat alatt sokat tart\u00f3zkodott R\u00f3m\u00e1ban (1869\u201370). \u00c1tt\u00e9rt az unit. vall\u00e1sra (1874. dec.); \u00fajbol Bp.-en a TE-en a s\u00e9mi nyelvek tan\u00e1ra (1873\u20131904). A Pet\u0151fi-t\u00e1rsas\u00e1g alap\u00edt\u00f3 tagja, az Unit. Egyh\u00e1z tan\u00e1csosa. Nyugd\u00edjask\u00e9nt Mv.-re k\u00f6lt\u00f6z\u00f6tt. Cikkeit k\u00f6z\u00f6lte a: Religi\u00f3, N\u00e9pnevel\u0151k K\u00f6zl\u00f6nye, M. Sion, Egyh\u00e1zi Lapok, Kat. N\u00e9plap, Havi Szemle, Hon, Neues Pester Journal, M. Tan\u00fcgy, Nagyvil\u00e1g, Mo \u00e9s a Nagyvil\u00e1g, Pet\u0151fi T\u00e1rsas\u00e1g Lapja, Otthon, \u00c9letk\u00e9pek, Egyetemes Phil. K\u00f6zl\u00f6ny, Koszor\u00fa, Kereszt\u00e9ny Magvet\u0151, Orsz\u00e1g Vil\u00e1g. Szerk. -tte az Egyh\u00e1zi Lapok c. havi f\u00fczeteket (Bodn\u00e1r Zsigmonddal, 1867\u201368), a Szabad Egyh\u00e1z c. politikai napilapot (Prileszky T\u00e1d\u00e9val, 1869. j\u00fal. -l 872. j\u00fan.) \u00e9s ennek folytat\u00e1s\u00e1t a Szabad Sajt\u00f3t (gr. Cs\u00e1ky Gyul\u00e1val, 1872. j\u00fal. -dec; 1873. jan. -m\u00e1rc), a Katolikus Reform c. egyh\u00e1zi \u00e9s tan\u00fcgyi hetilapot (R\u00f3zsa\u00e1gi Antallal, 1873. \u00e1pr. -j\u00fal. 30). A Pet\u0151fi T\u00e1rs. tagja. \u2013 <strong>F. m.:<\/strong> Theses ex universa theologia quas in c. r. scientarium universitate pestoensi publice defendentas suscepit (Pestini, 1856); Vez\u00e9rlapok a Szent f\u00f6ldre (Pest, 1857); Az \u00f3 \u00e9s \u00fajsz\u00f6vets\u00e9gi szent\u00edr\u00e1s a Vulgata szerint, figyelemmel az eredeti sz\u00f6vegekre (Pest, 1869); A moral viszonya a vall\u00e1shoz (Pest, 1874); Az \u00e9n hitvall\u00e1som (Bp., 1875); Arab nyelvtan, olvas\u00f3k\u00f6nyv \u00e9s sz\u00f3t\u00e1r, tekintettel a f\u0151bb s\u00e9mi nyelv\u00e1gakra \u00e9s az \u00e9l\u0151 nyelvre (Bp., 1877); Mohammed \u00e9lete \u00e9s tana (Bp., 1878); A felekezetn\u00e9lk\u00fclis\u00e9g \u00e9s a felekezeti k\u00e9nyszer (Bp., 1894); Az erk\u00f6lcs, a vall\u00e1s \u00e9s a polg. h\u00e1zass\u00e1g (Bp., 1894); A jogos szocializmus (Bp., 1898); \u00d6tven \u00e9v el\u0151tt (Bp., 1898); Az ember \u00e9s az Isten (D\u00e1vid Ferenc-egylet \u00e9vk\u00f6nyve, Bp., 1902.). <br \/><strong>Irod.:<\/strong> Guly\u00e1s; Gy\u00e1szjelent\u0151; M\u00c9L; MUL; R\u00daL; Szinnye; \u00daM\u00c9L, Zov\u00e1nyi<\/br><\/p>\n","protected":false},"excerpt":{"rendered":"<p>T\u00f3tmegyer, 1832. febr. 17., \u2020 Mv., 1918. febr. 12.: teol\u00f3gus, honv\u00e9d, egyetemi tan\u00e1r, orientalista, nyelv\u00e9sz, \u00edr\u00f3. \u2013 Feles\u00e9ge: fektor\u00f3czi Fektor Ter\u00e9zia. Gyermekeik: Gy\u00f6rgyike dr. kib\u00e9di Madaras J\u00f3zsefn\u00e9; Hajnalka; P\u00e9ter, feles\u00e9ge fogarasi Pap M\u00e1ria. \u2013 A gimn. -ot Szombathelyen a fels\u0151bb oszt\u00e1lyokat \u00e9s a b\u00f6lcseletet Pesten hallgatta. A szabads\u00e1gharc alatt, mint t\u00fcz\u00e9r szolg\u00e1lt, Vil\u00e1gos ut\u00e1n fogs\u00e1gba [&hellip;]<\/p>\n","protected":false},"featured_media":0,"comment_status":"open","ping_status":"closed","template":"","meta":[],"product_brand":[],"product_cat":[137],"product_tag":[],"class_list":{"0":"post-9712","1":"product","2":"type-product","3":"status-publish","5":"product_cat-maros-megyei-eletrajzi-lexikon","7":"first","8":"instock","9":"shipping-taxable","10":"product-type-simple"},"_links":{"self":[{"href":"https:\/\/uj.adatbank.ro\/lexikon\/wp-json\/wp\/v2\/product\/9712","targetHints":{"allow":["GET"]}}],"collection":[{"href":"https:\/\/uj.adatbank.ro\/lexikon\/wp-json\/wp\/v2\/product"}],"about":[{"href":"https:\/\/uj.adatbank.ro\/lexikon\/wp-json\/wp\/v2\/types\/product"}],"replies":[{"embeddable":true,"href":"https:\/\/uj.adatbank.ro\/lexikon\/wp-json\/wp\/v2\/comments?post=9712"}],"wp:attachment":[{"href":"https:\/\/uj.adatbank.ro\/lexikon\/wp-json\/wp\/v2\/media?parent=9712"}],"wp:term":[{"taxonomy":"product_brand","embeddable":true,"href":"https:\/\/uj.adatbank.ro\/lexikon\/wp-json\/wp\/v2\/product_brand?post=9712"},{"taxonomy":"product_cat","embeddable":true,"href":"https:\/\/uj.adatbank.ro\/lexikon\/wp-json\/wp\/v2\/product_cat?post=9712"},{"taxonomy":"product_tag","embeddable":true,"href":"https:\/\/uj.adatbank.ro\/lexikon\/wp-json\/wp\/v2\/product_tag?post=9712"}],"curies":[{"name":"wp","href":"https:\/\/api.w.org\/{rel}","templated":true}]}}

HATALA Péter, zborói

<p>Tótmegyer, 1832. febr. 17., † Mv., 1918. febr. 12.: teológus, honvéd, egyetemi tanár, orientalista, nyelvész, író. – Felesége: fektoróczi Fektor Terézia. Gyermekeik: Györgyike dr. kibédi Madaras Józsefné; Hajnalka; Péter, felesége fogarasi Pap Mária. – A gimn. -ot Szombathelyen a felsőbb osztályokat és a bölcseletet Pesten hallgatta. A szabadságharc alatt, mint tüzér szolgált, Világos után fogságba esett ahonnan szabadulva a papi pályát választotta: a pesti egyetem teológiai karán tanult, áldozó pappá szentelték (1855); néhány évig káplán Nyergesújfalun, Hédervárott. A hit és bölcsészet tudomány doktora (1856). Mint hittérítő járt Palesztinában (1857–60); hazatérve tanár az esztergomi papnevelő intézetben (1861–); a Bp.-i m. kir. Tudomány Egyetemen a sémi nyelvek tanára (1866–), rektora (1872–73); a vatikáni egyetemes zsinat alatt sokat tartózkodott Rómában (1869–70). Áttért az unit. vallásra (1874. dec.); újbol Bp.-en a TE-en a sémi nyelvek tanára (1873–1904). A Petőfi-társaság alapító tagja, az Unit. Egyház tanácsosa. Nyugdíjasként Mv.-re költözött. Cikkeit közölte a: Religió, Népnevelők Közlönye, M. Sion, Egyházi Lapok, Kat. Néplap, Havi Szemle, Hon, Neues Pester Journal, M. Tanügy, Nagyvilág, Mo és a Nagyvilág, Petőfi Társaság Lapja, Otthon, Életképek, Egyetemes Phil. Közlöny, Koszorú, Keresztény Magvető, Ország Világ. Szerk. -tte az Egyházi Lapok c. havi füzeteket (Bodnár Zsigmonddal, 1867–68), a Szabad Egyház c. politikai napilapot (Prileszky Tádéval, 1869. júl. -l 872. jún.) és ennek folytatását a Szabad Sajtót (gr. Csáky Gyulával, 1872. júl. -dec; 1873. jan. -márc), a Katolikus Reform c. egyházi és tanügyi hetilapot (Rózsaági Antallal, 1873. ápr. -júl. 30). A Petőfi Társ. tagja. – <strong>F. m.:</strong> Theses ex universa theologia quas in c. r. scientarium universitate pestoensi publice defendentas suscepit (Pestini, 1856); Vezérlapok a Szent földre (Pest, 1857); Az ó és újszövetségi szentírás a Vulgata szerint, figyelemmel az eredeti szövegekre (Pest, 1869); A moral viszonya a valláshoz (Pest, 1874); Az én hitvallásom (Bp., 1875); Arab nyelvtan, olvasókönyv és szótár, tekintettel a főbb sémi nyelvágakra és az élő nyelvre (Bp., 1877); Mohammed élete és tana (Bp., 1878); A felekezetnélküliség és a felekezeti kényszer (Bp., 1894); Az erkölcs, a vallás és a polg. házasság (Bp., 1894); A jogos szocializmus (Bp., 1898); Ötven év előtt (Bp., 1898); Az ember és az Isten (Dávid Ferenc-egylet évkönyve, Bp., 1902.). <br /><strong>Irod.:</strong> Gulyás; Gyászjelentő; MÉL; MUL; RÚL; Szinnye; ÚMÉL, Zoványi</br></p>

<p>Tótmegyer, 1832. febr. 17., † Mv., 1918. febr. 12.: teológus, honvéd, egyetemi tanár, orientalista, nyelvész, író. – Felesége: fektoróczi Fektor Terézia. Gyermekeik: Györgyike dr. kibédi Madaras Józsefné; Hajnalka; Péter, felesége fogarasi Pap Mária. – A gimn. -ot Szombathelyen a felsőbb osztályokat és a bölcseletet Pesten hallgatta. A szabadságharc alatt, mint tüzér szolgált, Világos után fogságba [&hellip;]</p>
