{"id":9713,"date":"2025-06-29T12:54:35","date_gmt":"2025-06-29T10:54:35","guid":{"rendered":"https:\/\/uj.adatbank.ro\/lexikon\/termek\/hatfaludy-istvan-%c2%a7-hatmanstorffi\/"},"modified":"2025-06-29T12:54:35","modified_gmt":"2025-06-29T10:54:35","slug":"hatfaludy-istvan-%c2%a7-hatmanstorffi","status":"publish","type":"product","link":"https:\/\/uj.adatbank.ro\/lexikon\/termek\/hatfaludy-istvan-%c2%a7-hatmanstorffi\/","title":{"rendered":"HATFALUDY Istv\u00e1n, \u00a7 hatmanstorffi"},"content":{"rendered":"<p>Mv, 1892, \u2020\u00a0? : t\u00fcz\u00e9rsz\u00e1zados. \u2013 Feles\u00e9ge \u00f3tordai Weress Olga (1895- Mv., 1934. j\u00fal. 26, Mez\u0151m\u00e9hesen temett\u00e9k). \u2013 Tanult Mv.-en, Bp.-en, majd a m\u00f6dlingi katonai akad. -t v\u00e9gezte (1913). Az I. vh.-ban (1914\u201318) mint vez\u00e9rkari tiszt az orosz \u00e9s az olasz fronton harcolt, majd a 9. husz\u00e1rezredn\u00e9l mint karhatalmi parancsnok teljes\u00edtett rendfenntart\u00f3 szolg\u00e1latot. Kit\u00fcntet\u00e9sekkel vonult nyugalomba (1918). A b\u00e9csi d\u00f6nt\u00e9s ut\u00e1n azonnal rendfenntart\u00f3 nemzet\u0151rs\u00e9get szervezett \u00e9s ezzel megakad\u00e1lyozta a kivonul\u00f3 rom\u00e1n csapatokat a fosztogat\u00e1sban. A szov\u00e1tai Villatulajdonos Egyletnek eln\u00f6ke, a K\u00f6zbirtokoss\u00e1g \u00fcgyvezet\u0151 eln\u00f6ke, a Vit\u00e9zi Sz\u00e9k vm.-i sz\u00e9ktart\u00f3ja, a Maros-Torda vm.-i F\u00f6ldm\u00edves Sz\u00f6vets\u00e9g igazgat\u00f3ja. <br \/><strong>Irod.:<\/strong> Erd\u00e9lyi ezredek; Lev\u00e9lt\u00e1ri gy\u00e1szj.; Sz\u00e9kelyf\u00f6ld \u00ed. k.; UIL<\/br><\/p>\n","protected":false},"excerpt":{"rendered":"<p>Mv, 1892, \u2020\u00a0? : t\u00fcz\u00e9rsz\u00e1zados. \u2013 Feles\u00e9ge \u00f3tordai Weress Olga (1895- Mv., 1934. j\u00fal. 26, Mez\u0151m\u00e9hesen temett\u00e9k). \u2013 Tanult Mv.-en, Bp.-en, majd a m\u00f6dlingi katonai akad. -t v\u00e9gezte (1913). Az I. vh.-ban (1914\u201318) mint vez\u00e9rkari tiszt az orosz \u00e9s az olasz fronton harcolt, majd a 9. husz\u00e1rezredn\u00e9l mint karhatalmi parancsnok teljes\u00edtett rendfenntart\u00f3 szolg\u00e1latot. Kit\u00fcntet\u00e9sekkel vonult [&hellip;]<\/p>\n","protected":false},"featured_media":0,"comment_status":"open","ping_status":"closed","template":"","meta":[],"product_brand":[],"product_cat":[137],"product_tag":[],"class_list":{"0":"post-9713","1":"product","2":"type-product","3":"status-publish","5":"product_cat-maros-megyei-eletrajzi-lexikon","7":"first","8":"instock","9":"shipping-taxable","10":"product-type-simple"},"_links":{"self":[{"href":"https:\/\/uj.adatbank.ro\/lexikon\/wp-json\/wp\/v2\/product\/9713","targetHints":{"allow":["GET"]}}],"collection":[{"href":"https:\/\/uj.adatbank.ro\/lexikon\/wp-json\/wp\/v2\/product"}],"about":[{"href":"https:\/\/uj.adatbank.ro\/lexikon\/wp-json\/wp\/v2\/types\/product"}],"replies":[{"embeddable":true,"href":"https:\/\/uj.adatbank.ro\/lexikon\/wp-json\/wp\/v2\/comments?post=9713"}],"wp:attachment":[{"href":"https:\/\/uj.adatbank.ro\/lexikon\/wp-json\/wp\/v2\/media?parent=9713"}],"wp:term":[{"taxonomy":"product_brand","embeddable":true,"href":"https:\/\/uj.adatbank.ro\/lexikon\/wp-json\/wp\/v2\/product_brand?post=9713"},{"taxonomy":"product_cat","embeddable":true,"href":"https:\/\/uj.adatbank.ro\/lexikon\/wp-json\/wp\/v2\/product_cat?post=9713"},{"taxonomy":"product_tag","embeddable":true,"href":"https:\/\/uj.adatbank.ro\/lexikon\/wp-json\/wp\/v2\/product_tag?post=9713"}],"curies":[{"name":"wp","href":"https:\/\/api.w.org\/{rel}","templated":true}]}}

HATFALUDY István, § hatmanstorffi

<p>Mv, 1892, † ? : tüzérszázados. – Felesége ótordai Weress Olga (1895- Mv., 1934. júl. 26, Mezőméhesen temették). – Tanult Mv.-en, Bp.-en, majd a mödlingi katonai akad. -t végezte (1913). Az I. vh.-ban (1914–18) mint vezérkari tiszt az orosz és az olasz fronton harcolt, majd a 9. huszárezrednél mint karhatalmi parancsnok teljesített rendfenntartó szolgálatot. Kitüntetésekkel vonult nyugalomba (1918). A bécsi döntés után azonnal rendfenntartó nemzetőrséget szervezett és ezzel megakadályozta a kivonuló román csapatokat a fosztogatásban. A szovátai Villatulajdonos Egyletnek elnöke, a Közbirtokosság ügyvezető elnöke, a Vitézi Szék vm.-i széktartója, a Maros-Torda vm.-i Földmíves Szövetség igazgatója. <br /><strong>Irod.:</strong> Erdélyi ezredek; Levéltári gyászj.; Székelyföld í. k.; UIL</br></p>

<p>Mv, 1892, † ? : tüzérszázados. – Felesége ótordai Weress Olga (1895- Mv., 1934. júl. 26, Mezőméhesen temették). – Tanult Mv.-en, Bp.-en, majd a mödlingi katonai akad. -t végezte (1913). Az I. vh.-ban (1914–18) mint vezérkari tiszt az orosz és az olasz fronton harcolt, majd a 9. huszárezrednél mint karhatalmi parancsnok teljesített rendfenntartó szolgálatot. Kitüntetésekkel vonult [&hellip;]</p>
